Last updated on 2025-10-10 13:49:40 CEST.
Flavor | Version | Tinstall | Tcheck | Ttotal | Status | Flags |
---|---|---|---|---|---|---|
r-devel-linux-x86_64-debian-clang | 0.1.0 | 1.99 | 23.29 | 25.28 | NOTE | |
r-devel-linux-x86_64-debian-gcc | 0.1.0 | 1.79 | 18.23 | 20.02 | NOTE | |
r-devel-linux-x86_64-fedora-clang | 0.1.0 | 39.24 | OK | |||
r-devel-linux-x86_64-fedora-gcc | 0.1.0 | 34.72 | OK | |||
r-devel-windows-x86_64 | 0.1.0 | 5.00 | 50.00 | 55.00 | OK | |
r-patched-linux-x86_64 | 0.1.0 | 2.10 | 21.89 | 23.99 | OK | |
r-release-linux-x86_64 | 0.1.0 | 1.92 | 22.01 | 23.93 | OK | |
r-release-macos-arm64 | 0.1.0 | 17.00 | OK | |||
r-release-macos-x86_64 | 0.1.0 | 31.00 | OK | |||
r-release-windows-x86_64 | 0.1.0 | 3.00 | 46.00 | 49.00 | OK | |
r-oldrel-macos-arm64 | 0.1.0 | 16.00 | OK | |||
r-oldrel-macos-x86_64 | 0.1.0 | 31.00 | OK | |||
r-oldrel-windows-x86_64 | 0.1.0 | 3.00 | 43.00 | 46.00 | OK |
Version: 0.1.0
Check: CRAN incoming feasibility
Result: NOTE
Maintainer: ‘Zhixuan Shao <shaozhixuansh@pku.edu.cn>’
Found the following URLs which should use \doi (with the DOI name only):
File ‘sace.Rd’:
https://doi.org/10.1093/biomet/asx034
File ‘simulated_data.Rd’:
https://doi.org/10.1093/biomet/asx034
Flavors: r-devel-linux-x86_64-debian-clang, r-devel-linux-x86_64-debian-gcc
These binaries (installable software) and packages are in development.
They may not be fully stable and should be used with caution. We make no claims about them.