Last updated on 2025-10-23 17:51:05 CEST.
Flavor | Version | Tinstall | Tcheck | Ttotal | Status | Flags |
---|---|---|---|---|---|---|
r-devel-linux-x86_64-debian-clang | 1.6.1 | 5.91 | 47.84 | 53.75 | OK | |
r-devel-linux-x86_64-debian-gcc | 1.6.1 | 5.01 | 43.46 | 48.47 | OK | |
r-devel-linux-x86_64-fedora-clang | 1.6.1 | 26.00 | 64.25 | 90.25 | OK | |
r-devel-linux-x86_64-fedora-gcc | 1.6.1 | 14.00 | 74.94 | 88.94 | OK | |
r-devel-windows-x86_64 | 1.6.1 | 9.00 | 149.00 | 158.00 | OK | |
r-patched-linux-x86_64 | 1.6.1 | 5.59 | 40.46 | 46.05 | OK | |
r-release-linux-x86_64 | 1.6.1 | 4.98 | 40.34 | 45.32 | OK | |
r-release-macos-arm64 | 1.6.1 | 5.00 | 103.00 | 108.00 | OK | |
r-release-macos-x86_64 | 1.6.1 | 7.00 | 163.00 | 170.00 | OK | |
r-release-windows-x86_64 | 1.6.1 | 12.00 | 68.00 | 80.00 | OK | |
r-oldrel-macos-arm64 | 1.6.1 | 5.00 | 80.00 | 85.00 | NOTE | |
r-oldrel-macos-x86_64 | 1.6.1 | 6.00 | 114.00 | 120.00 | NOTE | |
r-oldrel-windows-x86_64 | 1.6.1 | 13.00 | 70.00 | 83.00 | NOTE |
Version: 1.6.1
Check: installed package size
Result: NOTE
installed size is 6.4Mb
sub-directories of 1Mb or more:
tklibs 6.0Mb
Flavors: r-oldrel-macos-arm64, r-oldrel-macos-x86_64, r-oldrel-windows-x86_64
These binaries (installable software) and packages are in development.
They may not be fully stable and should be used with caution. We make no claims about them.