CRAN Package Check Results for Package td

Last updated on 2025-07-26 01:51:07 CEST.

Flavor Version Tinstall Tcheck Ttotal Status Flags
r-devel-linux-x86_64-debian-clang 0.0.6 2.14 23.40 25.54 NOTE
r-devel-linux-x86_64-debian-gcc 0.0.6 1.72 19.53 21.25 NOTE
r-devel-linux-x86_64-fedora-clang 0.0.6 37.55 OK
r-devel-linux-x86_64-fedora-gcc 0.0.6 34.73 OK
r-devel-windows-x86_64 0.0.6 4.00 56.00 60.00 OK
r-patched-linux-x86_64 0.0.6 2.02 20.78 22.80 OK
r-release-linux-x86_64 0.0.6 2.06 20.86 22.92 OK
r-release-macos-arm64 0.0.6 21.00 OK
r-release-macos-x86_64 0.0.6 29.00 OK
r-release-windows-x86_64 0.0.6 3.00 60.00 63.00 OK
r-oldrel-macos-arm64 0.0.6 18.00 OK
r-oldrel-macos-x86_64 0.0.6 25.00 OK
r-oldrel-windows-x86_64 0.0.6 3.00 53.00 56.00 OK

Check Details

Version: 0.0.6
Check: CRAN incoming feasibility
Result: NOTE Maintainer: ‘Dirk Eddelbuettel <edd@debian.org>’ No Authors@R field in DESCRIPTION. Please add one, modifying Authors@R: c(person(given = "Dirk", family = "Eddelbuettel", role = c("aut", "cre"), email = "edd@debian.org"), person(given = "Kenneth", family = "Rose", role = "aut")) as necessary. Flavors: r-devel-linux-x86_64-debian-clang, r-devel-linux-x86_64-debian-gcc

These binaries (installable software) and packages are in development.
They may not be fully stable and should be used with caution. We make no claims about them.