Last updated on 2025-07-25 01:49:41 CEST.
Flavor | Version | Tinstall | Tcheck | Ttotal | Status | Flags |
---|---|---|---|---|---|---|
r-devel-linux-x86_64-debian-clang | 0.3.0 | 89.82 | 39.43 | 129.25 | OK | |
r-devel-linux-x86_64-debian-gcc | 0.3.0 | 65.48 | 31.03 | 96.51 | OK | |
r-devel-linux-x86_64-fedora-clang | 0.3.0 | 238.48 | OK | |||
r-devel-linux-x86_64-fedora-gcc | 0.3.0 | 245.74 | OK | |||
r-devel-windows-x86_64 | 0.3.0 | 101.00 | 105.00 | 206.00 | OK | |
r-patched-linux-x86_64 | 0.3.0 | 89.09 | 38.02 | 127.11 | OK | |
r-release-linux-x86_64 | 0.3.0 | 90.36 | 37.65 | 128.01 | OK | |
r-release-macos-arm64 | 0.3.0 | 58.00 | OK | |||
r-release-macos-x86_64 | 0.3.0 | 80.00 | OK | |||
r-release-windows-x86_64 | 0.3.0 | 103.00 | 89.00 | 192.00 | OK | |
r-oldrel-macos-arm64 | 0.3.0 | 57.00 | NOTE | |||
r-oldrel-macos-x86_64 | 0.3.0 | 65.00 | NOTE | |||
r-oldrel-windows-x86_64 | 0.3.0 | 98.00 | 104.00 | 202.00 | OK |
Version: 0.3.0
Check: installed package size
Result: NOTE
installed size is 6.8Mb
sub-directories of 1Mb or more:
libs 6.5Mb
Flavors: r-oldrel-macos-arm64, r-oldrel-macos-x86_64
These binaries (installable software) and packages are in development.
They may not be fully stable and should be used with caution. We make no claims about them.