Last updated on 2025-11-13 03:51:20 CET.
| Flavor | Version | Tinstall | Tcheck | Ttotal | Status | Flags |
|---|---|---|---|---|---|---|
| r-devel-linux-x86_64-debian-clang | 0.4.2 | 2.80 | 21.92 | 24.72 | NOTE | |
| r-devel-linux-x86_64-debian-gcc | 0.4.2 | 2.30 | 19.38 | 21.68 | NOTE | |
| r-devel-linux-x86_64-fedora-clang | 0.4.2 | 36.83 | NOTE | |||
| r-devel-linux-x86_64-fedora-gcc | 0.4.2 | 34.79 | NOTE | |||
| r-devel-windows-x86_64 | 0.4.2 | 6.00 | 44.00 | 50.00 | NOTE | |
| r-patched-linux-x86_64 | 0.4.2 | 2.67 | 20.91 | 23.58 | NOTE | |
| r-release-linux-x86_64 | 0.4.2 | 2.66 | 20.85 | 23.51 | NOTE | |
| r-release-macos-arm64 | 0.4.2 | 3.00 | 16.00 | 19.00 | NOTE | |
| r-release-macos-x86_64 | 0.4.2 | 4.00 | 24.00 | 28.00 | NOTE | |
| r-release-windows-x86_64 | 0.4.2 | 8.00 | 44.00 | 52.00 | NOTE | |
| r-oldrel-macos-arm64 | 0.4.2 | 3.00 | 15.00 | 18.00 | OK | |
| r-oldrel-macos-x86_64 | 0.4.2 | 5.00 | 34.00 | 39.00 | OK | |
| r-oldrel-windows-x86_64 | 0.4.2 | 8.00 | 50.00 | 58.00 | OK |
Version: 0.4.2
Check: compiled code
Result: NOTE
File ‘tdigest/libs/tdigest.so’:
Found non-API call to R: ‘DATAPTR’
Compiled code should not call non-API entry points in R.
See ‘Writing portable packages’ in the ‘Writing R Extensions’ manual,
and section ‘Moving into C API compliance’ for issues with the use of
non-API entry points.
Flavors: r-devel-linux-x86_64-debian-clang, r-devel-linux-x86_64-debian-gcc, r-devel-linux-x86_64-fedora-clang, r-devel-linux-x86_64-fedora-gcc, r-patched-linux-x86_64, r-release-linux-x86_64, r-release-macos-arm64, r-release-macos-x86_64
Version: 0.4.2
Check: compiled code
Result: NOTE
File 'tdigest/libs/x64/tdigest.dll':
Found non-API call to R: 'DATAPTR'
Compiled code should not call non-API entry points in R.
See 'Writing portable packages' in the 'Writing R Extensions' manual,
and section 'Moving into C API compliance' for issues with the use of
non-API entry points.
Flavors: r-devel-windows-x86_64, r-release-windows-x86_64
These binaries (installable software) and packages are in development.
They may not be fully stable and should be used with caution. We make no claims about them.