CRAN Package Check Results for Package tdthap

Last updated on 2025-11-11 15:50:50 CET.

Flavor Version Tinstall Tcheck Ttotal Status Flags
r-devel-linux-x86_64-debian-clang 1.3 3.10 25.29 28.39 NOTE
r-devel-linux-x86_64-debian-gcc 1.3 2.61 20.78 23.39 NOTE
r-devel-linux-x86_64-fedora-clang 1.3 41.50 OK
r-devel-linux-x86_64-fedora-gcc 1.3 53.20 OK
r-devel-windows-x86_64 1.3 7.00 49.00 56.00 OK
r-patched-linux-x86_64 1.3 3.43 24.06 27.49 OK
r-release-linux-x86_64 1.3 3.01 24.37 27.38 OK
r-release-macos-arm64 1.3 3.00 23.00 26.00 OK
r-release-macos-x86_64 1.3 4.00 39.00 43.00 OK
r-release-windows-x86_64 1.3 6.00 49.00 55.00 OK
r-oldrel-macos-arm64 1.3 3.00 21.00 24.00 OK
r-oldrel-macos-x86_64 1.3 3.00 31.00 34.00 OK
r-oldrel-windows-x86_64 1.3 6.00 53.00 59.00 OK

Check Details

Version: 1.3
Check: CRAN incoming feasibility
Result: NOTE Maintainer: ‘Jing Hua Zhao <jinghuazhao@hotmail.com>’ No Authors@R field in DESCRIPTION. Please add one, modifying Authors@R: c(person(given = "David", family = "Clayton", role = "aut"), person(given = c("Jing", "Hua"), family = "Zhao", role = "cre", email = "jinghuazhao@hotmail.com")) as necessary. Flavors: r-devel-linux-x86_64-debian-clang, r-devel-linux-x86_64-debian-gcc

These binaries (installable software) and packages are in development.
They may not be fully stable and should be used with caution. We make no claims about them.