CRAN Package Check Results for Package tdthap

Last updated on 2025-07-01 11:49:32 CEST.

Flavor Version Tinstall Tcheck Ttotal Status Flags
r-devel-linux-x86_64-debian-clang 1.3 3.34 23.22 26.56 NOTE
r-devel-linux-x86_64-debian-gcc 1.3 2.67 19.17 21.84 NOTE
r-devel-linux-x86_64-fedora-clang 1.3 40.56 OK
r-devel-linux-x86_64-fedora-gcc 1.3 52.32 OK
r-devel-windows-x86_64 1.3 6.00 54.00 60.00 OK
r-patched-linux-x86_64 OK
r-release-linux-x86_64 1.3 3.45 22.17 25.62 OK
r-release-macos-arm64 1.3 26.00 OK
r-release-macos-x86_64 1.3 43.00 OK
r-release-windows-x86_64 1.3 6.00 58.00 64.00 OK
r-oldrel-macos-arm64 1.3 24.00 OK
r-oldrel-macos-x86_64 1.3 34.00 OK
r-oldrel-windows-x86_64 1.3 6.00 53.00 59.00 OK

Check Details

Version: 1.3
Check: CRAN incoming feasibility
Result: NOTE Maintainer: ‘Jing Hua Zhao <jinghuazhao@hotmail.com>’ No Authors@R field in DESCRIPTION. Please add one, modifying Authors@R: c(person(given = "David", family = "Clayton", role = "aut"), person(given = c("Jing", "Hua"), family = "Zhao", role = "cre", email = "jinghuazhao@hotmail.com")) as necessary. Flavors: r-devel-linux-x86_64-debian-clang, r-devel-linux-x86_64-debian-gcc

These binaries (installable software) and packages are in development.
They may not be fully stable and should be used with caution. We make no claims about them.