Last updated on 2025-10-23 17:51:05 CEST.
Flavor | Version | Tinstall | Tcheck | Ttotal | Status | Flags |
---|---|---|---|---|---|---|
r-devel-linux-x86_64-debian-clang | 0.8.0 | 6.61 | 60.33 | 66.94 | NOTE | |
r-devel-linux-x86_64-debian-gcc | 0.8.0 | 4.84 | 45.13 | 49.97 | OK | |
r-devel-linux-x86_64-fedora-clang | 0.8.0 | 65.00 | 45.13 | 110.13 | OK | |
r-devel-linux-x86_64-fedora-gcc | 0.8.0 | 13.00 | 92.39 | 105.39 | OK | |
r-devel-windows-x86_64 | 0.8.0 | 9.00 | 79.00 | 88.00 | OK | |
r-patched-linux-x86_64 | 0.8.0 | 6.36 | 54.91 | 61.27 | OK | |
r-release-linux-x86_64 | 0.8.0 | 5.72 | 55.54 | 61.26 | OK | |
r-release-macos-arm64 | 0.8.0 | 3.00 | 39.00 | 42.00 | OK | |
r-release-macos-x86_64 | 0.8.0 | 6.00 | 77.00 | 83.00 | OK | |
r-release-windows-x86_64 | 0.8.0 | 8.00 | 82.00 | 90.00 | OK | |
r-oldrel-macos-arm64 | 0.8.0 | 5.00 | 144.00 | 149.00 | OK | |
r-oldrel-macos-x86_64 | 0.8.0 | 6.00 | 78.00 | 84.00 | OK | |
r-oldrel-windows-x86_64 | 0.8.0 | 12.00 | 95.00 | 107.00 | OK |
Version: 0.8.0
Check: HTML version of manual
Result: NOTE
Found the following HTML validation problems:
names-set-.join_keys.html:52:1 (names-set-.join_keys.Rd:13): Warning: missing </ul> before </div>
Flavor: r-devel-linux-x86_64-debian-clang
These binaries (installable software) and packages are in development.
They may not be fully stable and should be used with caution. We make no claims about them.