Last updated on 2024-07-27 15:50:35 CEST.
Flavor | Version | Tinstall | Tcheck | Ttotal | Status | Flags |
---|---|---|---|---|---|---|
r-devel-linux-x86_64-debian-clang | 0.6.0 | 8.04 | 68.15 | 76.19 | OK | |
r-devel-linux-x86_64-debian-gcc | 0.6.0 | NOTE | ||||
r-devel-linux-x86_64-fedora-clang | 0.6.0 | 87.77 | OK | |||
r-devel-linux-x86_64-fedora-gcc | 0.6.0 | 104.18 | OK | |||
r-devel-windows-x86_64 | 0.6.0 | 8.00 | 79.00 | 87.00 | NOTE | |
r-patched-linux-x86_64 | 0.6.0 | OK | ||||
r-release-linux-x86_64 | 0.6.0 | 5.94 | 64.24 | 70.18 | OK | |
r-release-macos-arm64 | 0.6.0 | 43.00 | OK | |||
r-release-macos-x86_64 | 0.6.0 | 79.00 | OK | |||
r-release-windows-x86_64 | 0.6.0 | 9.00 | 78.00 | 87.00 | OK | |
r-oldrel-macos-arm64 | 0.6.0 | 47.00 | OK | |||
r-oldrel-macos-x86_64 | 0.6.0 | 87.00 | OK | |||
r-oldrel-windows-x86_64 | 0.6.0 | 12.00 | 87.00 | 99.00 | OK |
Version: 0.6.0
Check: Rd cross-references
Result: NOTE
Found the following Rd file(s) with Rd \link{} targets missing package
anchors:
teal_data-class.Rd: get_var, get_code, get_warnings
Please provide package anchors for all Rd \link{} targets not in the
package itself and the base packages.
Flavors: r-devel-linux-x86_64-debian-gcc, r-devel-windows-x86_64
These binaries (installable software) and packages are in development.
They may not be fully stable and should be used with caution. We make no claims about them.