Last updated on 2025-05-08 04:52:21 CEST.
Flavor | Version | Tinstall | Tcheck | Ttotal | Status | Flags |
---|---|---|---|---|---|---|
r-devel-linux-x86_64-debian-clang | 0.16.0 | 11.56 | 449.90 | 461.46 | OK | |
r-devel-linux-x86_64-debian-gcc | 0.16.0 | 7.95 | 296.73 | 304.68 | OK | |
r-devel-linux-x86_64-fedora-clang | 0.16.0 | 782.68 | OK | |||
r-devel-linux-x86_64-fedora-gcc | 0.16.0 | 776.42 | NOTE | |||
r-devel-windows-x86_64 | 0.16.0 | 15.00 | 426.00 | 441.00 | OK | |
r-patched-linux-x86_64 | 0.16.0 | 12.43 | 429.24 | 441.67 | OK | |
r-release-linux-x86_64 | 0.16.0 | 10.98 | 428.34 | 439.32 | OK | |
r-release-macos-arm64 | 0.16.0 | 217.00 | OK | |||
r-release-macos-x86_64 | 0.16.0 | 249.00 | OK | |||
r-release-windows-x86_64 | 0.16.0 | 13.00 | 430.00 | 443.00 | OK | |
r-oldrel-macos-arm64 | 0.16.0 | 169.00 | OK | |||
r-oldrel-macos-x86_64 | 0.16.0 | 264.00 | OK | |||
r-oldrel-windows-x86_64 | 0.16.0 | 18.00 | 582.00 | 600.00 | OK |
Version: 0.16.0
Check: for non-standard things in the check directory
Result: NOTE
Found the following files/directories:
‘.renv’ ‘BiocManager’
Flavor: r-devel-linux-x86_64-fedora-gcc
These binaries (installable software) and packages are in development.
They may not be fully stable and should be used with caution. We make no claims about them.