Last updated on 2025-07-26 01:51:07 CEST.
Flavor | Version | Tinstall | Tcheck | Ttotal | Status | Flags |
---|---|---|---|---|---|---|
r-devel-linux-x86_64-debian-clang | 0.16.0 | 10.72 | 273.89 | 284.61 | OK | |
r-devel-linux-x86_64-debian-gcc | 0.16.0 | 8.47 | 198.39 | 206.86 | OK | |
r-devel-linux-x86_64-fedora-clang | 0.16.0 | 458.02 | OK | |||
r-devel-linux-x86_64-fedora-gcc | 0.16.0 | 458.52 | NOTE | |||
r-devel-windows-x86_64 | 0.16.0 | 13.00 | 286.00 | 299.00 | OK | |
r-patched-linux-x86_64 | 0.16.0 | 13.22 | 261.93 | 275.15 | OK | |
r-release-linux-x86_64 | 0.16.0 | 11.28 | 263.37 | 274.65 | OK | |
r-release-macos-arm64 | 0.16.0 | 217.00 | OK | |||
r-release-macos-x86_64 | 0.16.0 | 249.00 | OK | |||
r-release-windows-x86_64 | 0.16.0 | 13.00 | 290.00 | 303.00 | OK | |
r-oldrel-macos-arm64 | 0.16.0 | 169.00 | OK | |||
r-oldrel-macos-x86_64 | 0.16.0 | 264.00 | OK | |||
r-oldrel-windows-x86_64 | 0.16.0 | 19.00 | 384.00 | 403.00 | OK |
Version: 0.16.0
Check: for non-standard things in the check directory
Result: NOTE
Found the following files/directories:
‘.renv’ ‘BiocManager’
Flavor: r-devel-linux-x86_64-fedora-gcc
These binaries (installable software) and packages are in development.
They may not be fully stable and should be used with caution. We make no claims about them.