Last updated on 2024-07-27 15:50:35 CEST.
Flavor | Version | Tinstall | Tcheck | Ttotal | Status | Flags |
---|---|---|---|---|---|---|
r-devel-linux-x86_64-debian-clang | 0.5.1 | 28.74 | 180.71 | 209.45 | OK | |
r-devel-linux-x86_64-debian-gcc | 0.5.1 | OK | ||||
r-devel-linux-x86_64-fedora-clang | 0.5.1 | 184.20 | NOTE | |||
r-devel-linux-x86_64-fedora-gcc | 0.5.1 | 251.42 | OK | |||
r-devel-windows-x86_64 | 0.5.1 | 24.00 | 177.00 | 201.00 | OK | |
r-patched-linux-x86_64 | 0.5.1 | OK | ||||
r-release-linux-x86_64 | 0.5.1 | 14.96 | 170.52 | 185.48 | OK | |
r-release-macos-arm64 | 0.5.1 | 82.00 | OK | |||
r-release-macos-x86_64 | 0.5.1 | 121.00 | OK | |||
r-release-windows-x86_64 | 0.5.1 | 19.00 | 173.00 | 192.00 | OK | |
r-oldrel-macos-arm64 | 0.5.1 | 84.00 | OK | |||
r-oldrel-macos-x86_64 | 0.5.1 | 181.00 | OK | |||
r-oldrel-windows-x86_64 | 0.5.1 | 26.00 | 210.00 | 236.00 | OK |
Version: 0.5.1
Check: Rd cross-references
Result: NOTE
Undeclared package ‘teal’ in Rd xrefs
Flavor: r-devel-linux-x86_64-fedora-clang
These binaries (installable software) and packages are in development.
They may not be fully stable and should be used with caution. We make no claims about them.