Last updated on 2025-05-01 12:49:43 CEST.
Flavor | Version | Tinstall | Tcheck | Ttotal | Status | Flags |
---|---|---|---|---|---|---|
r-devel-linux-x86_64-debian-clang | 1.0.6 | 5.02 | 62.33 | 67.35 | NOTE | |
r-devel-linux-x86_64-debian-gcc | 1.0.6 | 3.69 | 45.73 | 49.42 | NOTE | |
r-devel-linux-x86_64-fedora-clang | 1.0.6 | 105.26 | OK | |||
r-devel-linux-x86_64-fedora-gcc | 1.0.6 | 113.27 | OK | |||
r-devel-windows-x86_64 | 1.0.6 | 6.00 | 87.00 | 93.00 | OK | |
r-patched-linux-x86_64 | 1.0.6 | 5.04 | 58.12 | 63.16 | OK | |
r-release-linux-x86_64 | OK | |||||
r-release-macos-arm64 | 1.0.6 | 39.00 | OK | |||
r-release-macos-x86_64 | 1.0.6 | 70.00 | OK | |||
r-release-windows-x86_64 | 1.0.6 | 8.00 | 91.00 | 99.00 | OK | |
r-oldrel-macos-arm64 | 1.0.6 | 39.00 | OK | |||
r-oldrel-macos-x86_64 | 1.0.6 | 60.00 | OK | |||
r-oldrel-windows-x86_64 | 1.0.6 | 7.00 | 96.00 | 103.00 | OK |
Version: 1.0.6
Check: CRAN incoming feasibility
Result: NOTE
Maintainer: ‘Chris Muir <cdmuir@hawaii.edu>’
Problems when reading CITATION file:
It is recommended to use ‘given’ instead of ‘middle’.
Package CITATION file contains call(s) to old-style citEntry(). Please
use bibentry() instead.
Flavors: r-devel-linux-x86_64-debian-clang, r-devel-linux-x86_64-debian-gcc
These binaries (installable software) and packages are in development.
They may not be fully stable and should be used with caution. We make no claims about them.