Last updated on 2025-05-08 04:52:21 CEST.
Flavor | Version | Tinstall | Tcheck | Ttotal | Status | Flags |
---|---|---|---|---|---|---|
r-devel-linux-x86_64-debian-clang | 0.4.6 | 40.69 | 759.11 | 799.80 | OK | |
r-devel-linux-x86_64-debian-gcc | 0.4.6 | 23.52 | 448.13 | 471.65 | OK | |
r-devel-linux-x86_64-fedora-clang | 0.4.6 | 870.06 | OK | |||
r-devel-linux-x86_64-fedora-gcc | 0.4.6 | 1299.83 | OK | |||
r-devel-windows-x86_64 | 0.4.6 | 32.00 | 5.00 | 37.00 | ERROR | |
r-patched-linux-x86_64 | 0.4.6 | 38.97 | 716.30 | 755.27 | OK | |
r-release-linux-x86_64 | 0.4.6 | 34.40 | 717.60 | 752.00 | OK | |
r-release-macos-arm64 | 0.4.6 | 268.00 | OK | |||
r-release-macos-x86_64 | 0.4.6 | 388.00 | OK | |||
r-release-windows-x86_64 | 0.4.6 | 38.00 | 628.00 | 666.00 | OK | |
r-oldrel-macos-arm64 | 0.4.6 | 215.00 | OK | |||
r-oldrel-macos-x86_64 | 0.4.6 | 438.00 | OK | |||
r-oldrel-windows-x86_64 | 0.4.6 | 51.00 | 843.00 | 894.00 | OK |
Version: 0.4.6
Check: whether package can be installed
Result: ERROR
Installation failed.
Flavor: r-devel-windows-x86_64
These binaries (installable software) and packages are in development.
They may not be fully stable and should be used with caution. We make no claims about them.