Last updated on 2025-05-08 04:52:21 CEST.
Flavor | Version | Tinstall | Tcheck | Ttotal | Status | Flags |
---|---|---|---|---|---|---|
r-devel-linux-x86_64-debian-clang | 0.1.1 | 1.63 | 19.42 | 21.05 | OK | |
r-devel-linux-x86_64-debian-gcc | 0.1.1 | 1.36 | 15.94 | 17.30 | OK | |
r-devel-linux-x86_64-fedora-clang | 0.1.1 | 32.79 | OK | |||
r-devel-linux-x86_64-fedora-gcc | 0.1.1 | 32.86 | OK | |||
r-devel-windows-x86_64 | 0.1.1 | 2.00 | 41.00 | 43.00 | OK | |
r-patched-linux-x86_64 | 0.1.1 | 1.65 | 18.19 | 19.84 | OK | |
r-release-linux-x86_64 | 0.1.1 | 1.70 | 18.34 | 20.04 | OK | |
r-release-macos-arm64 | 0.1.1 | 15.00 | OK | |||
r-release-macos-x86_64 | 0.1.1 | 23.00 | OK | |||
r-release-windows-x86_64 | 0.1.1 | 3.00 | 43.00 | 46.00 | OK | |
r-oldrel-macos-arm64 | 0.1.1 | 15.00 | NOTE | |||
r-oldrel-macos-x86_64 | 0.1.1 | 21.00 | NOTE | |||
r-oldrel-windows-x86_64 | 0.1.1 | 2.00 | 46.00 | 48.00 | NOTE |
Version: 0.1.1
Check: LazyData
Result: NOTE
'LazyData' is specified without a 'data' directory
Flavors: r-oldrel-macos-arm64, r-oldrel-macos-x86_64, r-oldrel-windows-x86_64
These binaries (installable software) and packages are in development.
They may not be fully stable and should be used with caution. We make no claims about them.