Last updated on 2025-10-23 11:50:30 CEST.
Flavor | Version | Tinstall | Tcheck | Ttotal | Status | Flags |
---|---|---|---|---|---|---|
r-devel-linux-x86_64-debian-clang | 0.3.0 | 9.68 | 88.95 | 98.63 | NOTE | |
r-devel-linux-x86_64-debian-gcc | 0.3.0 | 7.70 | 65.32 | 73.02 | OK | |
r-devel-linux-x86_64-fedora-clang | 0.3.0 | 47.00 | 110.47 | 157.47 | OK | |
r-devel-linux-x86_64-fedora-gcc | 0.3.0 | 19.00 | 121.83 | 140.83 | OK | |
r-devel-windows-x86_64 | 0.3.0 | 12.00 | 96.00 | 108.00 | OK | |
r-patched-linux-x86_64 | 0.3.0 | 10.19 | 82.68 | 92.87 | OK | |
r-release-linux-x86_64 | 0.3.0 | 9.94 | 82.82 | 92.76 | OK | |
r-release-macos-arm64 | 0.3.0 | 5.00 | 40.00 | 45.00 | OK | |
r-release-macos-x86_64 | 0.3.0 | 9.00 | 72.00 | 81.00 | OK | |
r-release-windows-x86_64 | 0.3.0 | 12.00 | 98.00 | 110.00 | OK | |
r-oldrel-macos-arm64 | 0.3.0 | 4.00 | 42.00 | 46.00 | OK | |
r-oldrel-macos-x86_64 | 0.3.0 | 9.00 | 75.00 | 84.00 | OK | |
r-oldrel-windows-x86_64 | 0.3.0 | 17.00 | 123.00 | 140.00 | OK |
Version: 0.3.0
Check: HTML version of manual
Result: NOTE
Found the following HTML validation problems:
get_mnpp.html:73:1 (get_mnpp.Rd:26): Warning: missing </ul> before </div>
get_mnpp.lasso.html:61:1 (get_mnpp.lasso.Rd:19): Warning: missing </ul> before </div>
Flavor: r-devel-linux-x86_64-debian-clang
These binaries (installable software) and packages are in development.
They may not be fully stable and should be used with caution. We make no claims about them.