Last updated on 2025-05-01 14:49:24 CEST.
Flavor | Version | Tinstall | Tcheck | Ttotal | Status | Flags |
---|---|---|---|---|---|---|
r-devel-linux-x86_64-debian-clang | 2.2.2 | 5.72 | 32.76 | 38.48 | NOTE | |
r-devel-linux-x86_64-debian-gcc | 2.2.2 | 3.93 | 24.56 | 28.49 | NOTE | |
r-devel-linux-x86_64-fedora-clang | 2.2.2 | 59.98 | OK | |||
r-devel-linux-x86_64-fedora-gcc | 2.2.2 | 55.85 | OK | |||
r-devel-windows-x86_64 | 2.2.2 | 8.00 | 52.00 | 60.00 | OK | |
r-patched-linux-x86_64 | 2.2.2 | 5.23 | 31.10 | 36.33 | OK | |
r-release-linux-x86_64 | OK | |||||
r-release-macos-arm64 | 2.2.2 | 23.00 | OK | |||
r-release-macos-x86_64 | 2.2.2 | 37.00 | OK | |||
r-release-windows-x86_64 | 2.2.2 | 8.00 | 55.00 | 63.00 | OK | |
r-oldrel-macos-arm64 | 2.2.2 | 21.00 | OK | |||
r-oldrel-macos-x86_64 | 2.2.2 | 30.00 | OK | |||
r-oldrel-windows-x86_64 | 2.2.2 | 7.00 | 52.00 | 59.00 | OK |
Version: 2.2.2
Check: CRAN incoming feasibility
Result: NOTE
Maintainer: ‘Jeffrey L. Andrews <jeff.andrews@ubc.ca>’
No Authors@R field in DESCRIPTION.
Please add one, modifying
Authors@R: c(person(given = c("Jeffrey", "L."),
family = "Andrews",
role = c("aut", "cre"),
email = "jeff.andrews@ubc.ca"),
person(given = c("Jaymeson", "R."),
family = "Wickins",
role = "aut"),
person(given = c("Nicholas", "M."),
family = "Boers",
role = "aut"),
person(given = c("Paul", "D."),
family = "McNicholas",
role = "aut"))
as necessary.
Package CITATION file contains call(s) to old-style personList() or
as.personList(). Please use c() on person objects instead.
Package CITATION file contains call(s) to old-style citEntry(). Please
use bibentry() instead.
Flavors: r-devel-linux-x86_64-debian-clang, r-devel-linux-x86_64-debian-gcc
These binaries (installable software) and packages are in development.
They may not be fully stable and should be used with caution. We make no claims about them.