Last updated on 2025-10-23 11:50:30 CEST.
Flavor | Version | Tinstall | Tcheck | Ttotal | Status | Flags |
---|---|---|---|---|---|---|
r-devel-linux-x86_64-debian-clang | 3.0.1 | 13.16 | 53.18 | 66.34 | NOTE | |
r-devel-linux-x86_64-debian-gcc | 3.0.1 | 7.23 | 44.11 | 51.34 | OK | |
r-devel-linux-x86_64-fedora-clang | 3.0.1 | 118.00 | -4.26 | 113.74 | OK | |
r-devel-linux-x86_64-fedora-gcc | 3.0.1 | 81.00 | 43.54 | 124.54 | OK | |
r-devel-windows-x86_64 | 3.0.1 | 13.00 | 80.00 | 93.00 | OK | |
r-patched-linux-x86_64 | 3.0.1 | 12.08 | 49.58 | 61.66 | OK | |
r-release-linux-x86_64 | 3.0.1 | 11.88 | 49.69 | 61.57 | OK | |
r-release-macos-arm64 | 3.0.1 | 5.00 | 37.00 | 42.00 | OK | |
r-release-macos-x86_64 | 3.0.1 | 10.00 | 64.00 | 74.00 | OK | |
r-release-windows-x86_64 | 3.0.1 | 14.00 | 82.00 | 96.00 | OK | |
r-oldrel-macos-arm64 | 3.0.1 | 5.00 | 42.00 | 47.00 | OK | |
r-oldrel-macos-x86_64 | 3.0.1 | 11.00 | 67.00 | 78.00 | OK | |
r-oldrel-windows-x86_64 | 3.0.1 | 17.00 | 98.00 | 115.00 | OK |
Version: 3.0.1
Check: HTML version of manual
Result: NOTE
Found the following HTML validation problems:
TelegramObject.html:96:1 (TelegramObject.Rd:42): Warning: missing </ul> before </div>
check_update.html:48:1 (check_update.Rd:10): Warning: missing </ul> before </div>
set_token.html:46:1 (set_token.Rd:10): Warning: missing </ul> before </div>
Flavor: r-devel-linux-x86_64-debian-clang
These binaries (installable software) and packages are in development.
They may not be fully stable and should be used with caution. We make no claims about them.