Last updated on 2025-10-03 05:53:55 CEST.
Flavor | Version | Tinstall | Tcheck | Ttotal | Status | Flags |
---|---|---|---|---|---|---|
r-devel-linux-x86_64-debian-clang | 1.1.1 | 2.86 | 60.08 | 62.94 | NOTE | |
r-devel-linux-x86_64-debian-gcc | 1.1.1 | 2.19 | 44.83 | 47.02 | NOTE | |
r-devel-linux-x86_64-fedora-clang | 1.1.1 | 91.45 | OK | |||
r-devel-linux-x86_64-fedora-gcc | 1.1.1 | 101.06 | OK | |||
r-devel-windows-x86_64 | 1.1.1 | 3.00 | 84.00 | 87.00 | OK | |
r-patched-linux-x86_64 | 1.1.1 | 3.15 | 55.76 | 58.91 | OK | |
r-release-linux-x86_64 | 1.1.1 | 2.85 | 56.49 | 59.34 | OK | |
r-release-macos-arm64 | 1.1.1 | 41.00 | OK | |||
r-release-macos-x86_64 | 1.1.1 | 68.00 | OK | |||
r-release-windows-x86_64 | 1.1.1 | 3.00 | 83.00 | 86.00 | OK | |
r-oldrel-macos-arm64 | 1.1.1 | 34.00 | OK | |||
r-oldrel-macos-x86_64 | 1.1.1 | 54.00 | OK | |||
r-oldrel-windows-x86_64 | 1.1.1 | 5.00 | 97.00 | 102.00 | OK |
Version: 1.1.1
Check: CRAN incoming feasibility
Result: NOTE
Maintainer: ‘Christoph Sax <christoph.sax@gmail.com>’
The BugReports field in DESCRIPTION has
https://github.com/christophsax/tempdisagg
which should likely be
https://github.com/christophsax/tempdisagg/issues
instead.
Flavors: r-devel-linux-x86_64-debian-clang, r-devel-linux-x86_64-debian-gcc
These binaries (installable software) and packages are in development.
They may not be fully stable and should be used with caution. We make no claims about them.