CRAN Package Check Results for Package tempdisagg

Last updated on 2025-07-27 01:48:37 CEST.

Flavor Version Tinstall Tcheck Ttotal Status Flags
r-devel-linux-x86_64-debian-clang 1.1.1 3.01 58.37 61.38 NOTE
r-devel-linux-x86_64-debian-gcc 1.1.1 1.89 45.00 46.89 NOTE
r-devel-linux-x86_64-fedora-clang 1.1.1 91.17 OK
r-devel-linux-x86_64-fedora-gcc 1.1.1 98.90 OK
r-devel-windows-x86_64 1.1.1 4.00 100.00 104.00 OK
r-patched-linux-x86_64 1.1.1 3.11 55.37 58.48 OK
r-release-linux-x86_64 1.1.1 2.89 54.45 57.34 OK
r-release-macos-arm64 1.1.1 41.00 OK
r-release-macos-x86_64 1.1.1 68.00 OK
r-release-windows-x86_64 1.1.1 4.00 83.00 87.00 OK
r-oldrel-macos-arm64 1.1.1 34.00 OK
r-oldrel-macos-x86_64 1.1.1 54.00 OK
r-oldrel-windows-x86_64 1.1.1 4.00 99.00 103.00 OK

Check Details

Version: 1.1.1
Check: CRAN incoming feasibility
Result: NOTE Maintainer: ‘Christoph Sax <christoph.sax@gmail.com>’ The BugReports field in DESCRIPTION has https://github.com/christophsax/tempdisagg which should likely be https://github.com/christophsax/tempdisagg/issues instead. Flavors: r-devel-linux-x86_64-debian-clang, r-devel-linux-x86_64-debian-gcc

These binaries (installable software) and packages are in development.
They may not be fully stable and should be used with caution. We make no claims about them.