Last updated on 2025-10-23 17:51:05 CEST.
| Flavor | Version | Tinstall | Tcheck | Ttotal | Status | Flags |
|---|---|---|---|---|---|---|
| r-devel-linux-x86_64-debian-clang | 1.1.0 | 23.05 | 199.97 | 223.02 | OK | |
| r-devel-linux-x86_64-debian-gcc | 1.1.0 | 21.60 | 150.58 | 172.18 | OK | |
| r-devel-linux-x86_64-fedora-clang | 1.1.0 | 116.00 | 250.00 | 366.00 | OK | |
| r-devel-linux-x86_64-fedora-gcc | 1.1.0 | 48.00 | 294.03 | 342.03 | OK | |
| r-devel-windows-x86_64 | 1.1.0 | 17.00 | 130.00 | 147.00 | OK | |
| r-patched-linux-x86_64 | 1.1.0 | 23.09 | 193.23 | 216.32 | OK | |
| r-release-linux-x86_64 | 1.1.0 | 23.82 | 191.47 | 215.29 | OK | |
| r-release-macos-arm64 | 1.1.0 | 13.00 | 119.00 | 132.00 | OK | |
| r-release-macos-x86_64 | 1.1.0 | 14.00 | 107.00 | 121.00 | OK | |
| r-release-windows-x86_64 | 1.1.0 | 17.00 | 133.00 | 150.00 | OK | |
| r-oldrel-macos-arm64 | 1.1.0 | 11.00 | 65.00 | 76.00 | OK | |
| r-oldrel-macos-x86_64 | 1.1.0 | 14.00 | 111.00 | 125.00 | OK | |
| r-oldrel-windows-x86_64 | 1.1.0 | 23.00 | 172.00 | 195.00 | WARN |
Version: 1.1.0
Check: whether package can be installed
Result: WARN
Found the following significant warnings:
Warning: Torch libraries are installed but loading them caused a segfault.
Flavor: r-oldrel-windows-x86_64
These binaries (installable software) and packages are in development.
They may not be fully stable and should be used with caution. We make no claims about them.