Last updated on 2025-07-26 07:50:36 CEST.
Flavor | Version | Tinstall | Tcheck | Ttotal | Status | Flags |
---|---|---|---|---|---|---|
r-devel-linux-x86_64-debian-clang | 0.2 | 2.54 | 28.97 | 31.51 | NOTE | |
r-devel-linux-x86_64-debian-gcc | 0.2 | 1.83 | 22.38 | 24.21 | NOTE | |
r-devel-linux-x86_64-fedora-clang | 0.2 | 47.51 | OK | |||
r-devel-linux-x86_64-fedora-gcc | 0.2 | 43.94 | OK | |||
r-devel-windows-x86_64 | 0.2 | 5.00 | 56.00 | 61.00 | OK | |
r-patched-linux-x86_64 | 0.2 | 2.65 | 27.13 | 29.78 | OK | |
r-release-linux-x86_64 | 0.2 | 2.21 | 27.20 | 29.41 | OK | |
r-release-macos-arm64 | 0.2 | 20.00 | OK | |||
r-release-macos-x86_64 | 0.2 | 34.00 | OK | |||
r-release-windows-x86_64 | 0.2 | 5.00 | 51.00 | 56.00 | OK | |
r-oldrel-macos-arm64 | 0.2 | 18.00 | OK | |||
r-oldrel-macos-x86_64 | 0.2 | 26.00 | OK | |||
r-oldrel-windows-x86_64 | 0.2 | 6.00 | 57.00 | 63.00 | OK |
Version: 0.2
Check: CRAN incoming feasibility
Result: NOTE
Maintainer: ‘Etienne Low-Decarie <etienne.decarie@gmail.com>’
Found the following (possibly) invalid file URI:
URI: to_be_added
From: man/Emiliania_huxleyi.Rd
Flavors: r-devel-linux-x86_64-debian-clang, r-devel-linux-x86_64-debian-gcc
These binaries (installable software) and packages are in development.
They may not be fully stable and should be used with caution. We make no claims about them.