CRAN Package Check Results for Package temperatureresponse

Last updated on 2025-10-23 17:51:05 CEST.

Flavor Version Tinstall Tcheck Ttotal Status Flags
r-devel-linux-x86_64-debian-clang 0.2 2.52 30.01 32.53 NOTE
r-devel-linux-x86_64-debian-gcc 0.2 1.84 23.66 25.50 NOTE
r-devel-linux-x86_64-fedora-clang 0.2 51.10 OK
r-devel-linux-x86_64-fedora-gcc 0.2 45.98 OK
r-devel-windows-x86_64 0.2 4.00 51.00 55.00 OK
r-patched-linux-x86_64 0.2 2.73 28.39 31.12 OK
r-release-linux-x86_64 0.2 2.36 28.10 30.46 OK
r-release-macos-arm64 0.2 1.00 19.00 20.00 OK
r-release-macos-x86_64 0.2 2.00 32.00 34.00 OK
r-release-windows-x86_64 0.2 4.00 52.00 56.00 OK
r-oldrel-macos-arm64 0.2 1.00 17.00 18.00 OK
r-oldrel-macos-x86_64 0.2 2.00 24.00 26.00 OK
r-oldrel-windows-x86_64 0.2 5.00 59.00 64.00 OK

Check Details

Version: 0.2
Check: CRAN incoming feasibility
Result: NOTE Maintainer: ‘Etienne Low-Decarie <etienne.decarie@gmail.com>’ Found the following (possibly) invalid file URI: URI: to_be_added From: man/Emiliania_huxleyi.Rd Flavors: r-devel-linux-x86_64-debian-clang, r-devel-linux-x86_64-debian-gcc

These binaries (installable software) and packages are in development.
They may not be fully stable and should be used with caution. We make no claims about them.