Last updated on 2024-07-27 15:50:35 CEST.
Flavor | Version | Tinstall | Tcheck | Ttotal | Status | Flags |
---|---|---|---|---|---|---|
r-devel-linux-x86_64-debian-clang | 0.6.4 | 56.56 | 132.64 | 189.20 | NOTE | |
r-devel-linux-x86_64-debian-gcc | 0.6.4 | NOTE | ||||
r-devel-linux-x86_64-fedora-clang | 0.6.4 | 238.47 | OK | |||
r-devel-linux-x86_64-fedora-gcc | 0.6.4 | 245.21 | OK | |||
r-devel-windows-x86_64 | 0.6.4 | 45.00 | 131.00 | 176.00 | OK | |
r-patched-linux-x86_64 | 0.6.4 | NOTE | ||||
r-release-linux-x86_64 | 0.6.4 | 37.16 | 125.74 | 162.90 | NOTE | |
r-release-macos-arm64 | 0.6.4 | 67.00 | NOTE | |||
r-release-macos-x86_64 | 0.6.4 | 99.00 | NOTE | |||
r-release-windows-x86_64 | 0.6.4 | 49.00 | 128.00 | 177.00 | OK | |
r-oldrel-macos-arm64 | 0.6.4 | 75.00 | NOTE | |||
r-oldrel-macos-x86_64 | 0.6.4 | 134.00 | NOTE | |||
r-oldrel-windows-x86_64 | 0.6.4 | 56.00 | 159.00 | 215.00 | NOTE |
Version: 0.6.4
Check: package dependencies
Result: NOTE
Package suggested but not available for checking: ‘INLA’
Flavors: r-devel-linux-x86_64-debian-clang, r-devel-linux-x86_64-debian-gcc, r-patched-linux-x86_64, r-release-linux-x86_64, r-release-macos-arm64, r-release-macos-x86_64, r-oldrel-macos-arm64, r-oldrel-macos-x86_64, r-oldrel-windows-x86_64
Version: 0.6.4
Check: installed package size
Result: NOTE
installed size is 13.3Mb
sub-directories of 1Mb or more:
libs 12.8Mb
Flavors: r-release-macos-arm64, r-release-macos-x86_64, r-oldrel-macos-arm64, r-oldrel-macos-x86_64
These binaries (installable software) and packages are in development.
They may not be fully stable and should be used with caution. We make no claims about them.