Last updated on 2025-11-12 12:53:25 CET.
| Flavor | Version | Tinstall | Tcheck | Ttotal | Status | Flags |
|---|---|---|---|---|---|---|
| r-devel-linux-x86_64-debian-clang | 0.10.0 | 18.48 | 144.08 | 162.56 | OK | |
| r-devel-linux-x86_64-debian-gcc | 0.10.0 | 11.32 | 98.65 | 109.97 | OK | |
| r-devel-linux-x86_64-fedora-clang | 0.10.0 | 66.00 | 191.24 | 257.24 | OK | |
| r-devel-linux-x86_64-fedora-gcc | 0.10.0 | 38.00 | 197.07 | 235.07 | OK | |
| r-devel-windows-x86_64 | 0.10.0 | 21.00 | 135.00 | 156.00 | OK | |
| r-patched-linux-x86_64 | 0.10.0 | 17.13 | 130.77 | 147.90 | OK | |
| r-release-linux-x86_64 | 0.10.0 | 16.44 | 132.01 | 148.45 | OK | |
| r-release-macos-arm64 | 0.10.0 | 7.00 | 55.00 | 62.00 | OK | |
| r-release-macos-x86_64 | 0.10.0 | 16.00 | 96.00 | 112.00 | OK | |
| r-release-windows-x86_64 | 0.10.0 | 21.00 | 138.00 | 159.00 | OK | |
| r-oldrel-macos-arm64 | 0.10.0 | 8.00 | 55.00 | 63.00 | NOTE | |
| r-oldrel-macos-x86_64 | 0.10.0 | 24.00 | 103.00 | 127.00 | NOTE | |
| r-oldrel-windows-x86_64 | 0.10.0 | 26.00 | 174.00 | 200.00 | OK |
Version: 0.10.0
Check: package dependencies
Result: NOTE
Package suggested but not available for checking: ‘INLA’
Flavors: r-oldrel-macos-arm64, r-oldrel-macos-x86_64
These binaries (installable software) and packages are in development.
They may not be fully stable and should be used with caution. We make no claims about them.