Last updated on 2025-05-01 17:56:18 CEST.
Flavor | Version | Tinstall | Tcheck | Ttotal | Status | Flags |
---|---|---|---|---|---|---|
r-devel-linux-x86_64-debian-clang | 0.1.1 | 11.29 | 127.42 | 138.71 | NOTE | |
r-devel-linux-x86_64-debian-gcc | 0.1.1 | 8.28 | 93.87 | 102.15 | NOTE | |
r-devel-linux-x86_64-fedora-clang | 0.1.1 | 209.49 | OK | |||
r-devel-linux-x86_64-fedora-gcc | 0.1.1 | 205.71 | OK | |||
r-devel-windows-x86_64 | 0.1.1 | 13.00 | 145.00 | 158.00 | OK | |
r-patched-linux-x86_64 | 0.1.1 | 12.07 | 120.48 | 132.55 | OK | |
r-release-linux-x86_64 | OK | |||||
r-release-macos-arm64 | 0.1.1 | 75.00 | OK | |||
r-release-macos-x86_64 | 0.1.1 | 119.00 | OK | |||
r-release-windows-x86_64 | 0.1.1 | 13.00 | 142.00 | 155.00 | OK | |
r-oldrel-macos-arm64 | 0.1.1 | 63.00 | OK | |||
r-oldrel-macos-x86_64 | 0.1.1 | 98.00 | OK | |||
r-oldrel-windows-x86_64 | 0.1.1 | 15.00 | 169.00 | 184.00 | OK |
Version: 0.1.1
Check: CRAN incoming feasibility
Result: NOTE
Maintainer: ‘Pixu Shi <pixu.shi@duke.edu>’
No Authors@R field in DESCRIPTION.
Please add one, modifying
Authors@R: person(given = "Pixu",
family = "Shi",
role = c("aut", "cre"),
email = "pixu.shi@duke.edu")
as necessary.
Flavors: r-devel-linux-x86_64-debian-clang, r-devel-linux-x86_64-debian-gcc
Version: 0.1.1
Check: examples
Result: NOTE
Examples with CPU (user + system) or elapsed time > 5s
user system elapsed
aggregate_feature 10.107 0.381 14.986
tempted_all 6.193 0.034 7.691
reconstruct 6.129 0.054 7.549
est_test_subject 4.175 0.059 5.368
ratio_feature 4.091 0.114 5.183
tempted 3.869 0.091 5.189
Flavor: r-devel-linux-x86_64-debian-clang
Version: 0.1.1
Check: examples
Result: NA
user system elapsed
aggregate_feature 7.074 0.202 9.076
reconstruct 4.480 0.123 6.229
tempted_all 4.474 0.011 5.331
OK
Flavor: r-devel-linux-x86_64-debian-gcc
These binaries (installable software) and packages are in development.
They may not be fully stable and should be used with caution. We make no claims about them.