Last updated on 2025-10-03 07:49:58 CEST.
Flavor | Version | Tinstall | Tcheck | Ttotal | Status | Flags |
---|---|---|---|---|---|---|
r-devel-linux-x86_64-debian-clang | 0.1.1 | 11.41 | 135.97 | 147.38 | NOTE | |
r-devel-linux-x86_64-debian-gcc | 0.1.1 | 8.45 | 93.32 | 101.77 | NOTE | |
r-devel-linux-x86_64-fedora-clang | 0.1.1 | 221.99 | OK | |||
r-devel-linux-x86_64-fedora-gcc | 0.1.1 | 221.51 | OK | |||
r-devel-windows-x86_64 | 0.1.1 | 15.00 | 141.00 | 156.00 | OK | |
r-patched-linux-x86_64 | 0.1.1 | 11.23 | 127.46 | 138.69 | OK | |
r-release-linux-x86_64 | 0.1.1 | 11.43 | 127.46 | 138.89 | OK | |
r-release-macos-arm64 | 0.1.1 | 75.00 | OK | |||
r-release-macos-x86_64 | 0.1.1 | 119.00 | OK | |||
r-release-windows-x86_64 | 0.1.1 | 13.00 | 145.00 | 158.00 | OK | |
r-oldrel-macos-arm64 | 0.1.1 | 63.00 | OK | |||
r-oldrel-macos-x86_64 | 0.1.1 | 98.00 | OK | |||
r-oldrel-windows-x86_64 | 0.1.1 | 19.00 | 185.00 | 204.00 | OK |
Version: 0.1.1
Check: CRAN incoming feasibility
Result: NOTE
Maintainer: ‘Pixu Shi <pixu.shi@duke.edu>’
No Authors@R field in DESCRIPTION.
Please add one, modifying
Authors@R: person(given = "Pixu",
family = "Shi",
role = c("aut", "cre"),
email = "pixu.shi@duke.edu")
as necessary.
Flavors: r-devel-linux-x86_64-debian-clang, r-devel-linux-x86_64-debian-gcc
These binaries (installable software) and packages are in development.
They may not be fully stable and should be used with caution. We make no claims about them.