CRAN Package Check Results for Package tenispolaR

Last updated on 2025-10-23 11:50:30 CEST.

Flavor Version Tinstall Tcheck Ttotal Status Flags
r-devel-linux-x86_64-debian-clang 0.1.4 1.57 22.57 24.14 OK
r-devel-linux-x86_64-debian-gcc 0.1.4 1.37 18.44 19.81 OK
r-devel-linux-x86_64-fedora-clang 0.1.4 33.96 OK
r-devel-linux-x86_64-fedora-gcc 0.1.4 31.75 OK
r-devel-windows-x86_64 0.1.4 3.00 43.00 46.00 OK
r-patched-linux-x86_64 0.1.4 1.59 20.12 21.71 OK
r-release-linux-x86_64 0.1.4 1.55 20.04 21.59 OK
r-release-macos-arm64 0.1.4 1.00 17.00 18.00 OK
r-release-macos-x86_64 0.1.4 2.00 26.00 28.00 OK
r-release-windows-x86_64 0.1.4 3.00 46.00 49.00 OK
r-oldrel-macos-arm64 0.1.4 1.00 14.00 15.00 NOTE
r-oldrel-macos-x86_64 0.1.4 1.00 22.00 23.00 NOTE
r-oldrel-windows-x86_64 0.1.4 3.00 48.00 51.00 NOTE

Check Details

Version: 0.1.4
Check: LazyData
Result: NOTE 'LazyData' is specified without a 'data' directory Flavors: r-oldrel-macos-arm64, r-oldrel-macos-x86_64, r-oldrel-windows-x86_64

These binaries (installable software) and packages are in development.
They may not be fully stable and should be used with caution. We make no claims about them.