CRAN Package Check Results for Package tenm

Last updated on 2025-05-08 04:52:21 CEST.

Flavor Version Tinstall Tcheck Ttotal Status Flags
r-devel-linux-x86_64-debian-clang 0.5.1 6.26 181.77 188.03 OK
r-devel-linux-x86_64-debian-gcc 0.5.1 4.35 113.12 117.47 OK
r-devel-linux-x86_64-fedora-clang 0.5.1 324.77 OK
r-devel-linux-x86_64-fedora-gcc 0.5.1 330.01 OK
r-devel-windows-x86_64 0.5.1 12.00 250.00 262.00 OK
r-patched-linux-x86_64 0.5.1 6.97 174.64 181.61 OK
r-release-linux-x86_64 0.5.1 5.26 171.97 177.23 OK
r-release-macos-arm64 0.5.1 123.00 OK
r-release-macos-x86_64 0.5.1 285.00 OK
r-release-windows-x86_64 0.5.1 16.00 249.00 265.00 OK
r-oldrel-macos-arm64 0.5.1 125.00 NOTE
r-oldrel-macos-x86_64 0.5.1 398.00 NOTE
r-oldrel-windows-x86_64 0.5.1 16.00 344.00 360.00 OK

Check Details

Version: 0.5.1
Check: installed package size
Result: NOTE installed size is 5.8Mb sub-directories of 1Mb or more: extdata 4.9Mb Flavors: r-oldrel-macos-arm64, r-oldrel-macos-x86_64

These binaries (installable software) and packages are in development.
They may not be fully stable and should be used with caution. We make no claims about them.