Last updated on 2025-05-01 08:52:48 CEST.
Flavor | Version | Tinstall | Tcheck | Ttotal | Status | Flags |
---|---|---|---|---|---|---|
r-devel-linux-x86_64-debian-clang | 0.3.9 | 36.39 | 156.85 | 193.24 | NOTE | |
r-devel-linux-x86_64-debian-gcc | 0.3.9 | 26.58 | 107.78 | 134.36 | OK | |
r-devel-linux-x86_64-fedora-clang | 0.3.9 | 309.36 | OK | |||
r-devel-linux-x86_64-fedora-gcc | 0.3.9 | 287.31 | OK | |||
r-devel-windows-x86_64 | 0.3.9 | 43.00 | 184.00 | 227.00 | OK | |
r-patched-linux-x86_64 | 0.3.9 | 33.52 | 148.01 | 181.53 | OK | |
r-release-linux-x86_64 | OK | |||||
r-release-macos-arm64 | 0.3.9 | 77.00 | OK | |||
r-release-macos-x86_64 | 0.3.9 | 155.00 | OK | |||
r-release-windows-x86_64 | 0.3.9 | 43.00 | 191.00 | 234.00 | OK | |
r-oldrel-macos-arm64 | 0.3.9 | 60.00 | OK | |||
r-oldrel-macos-x86_64 | 0.3.9 | 91.00 | OK | |||
r-oldrel-windows-x86_64 | 0.3.9 | 52.00 | 232.00 | 284.00 | OK |
Version: 0.3.9
Check: examples
Result: NOTE
Examples with CPU (user + system) or elapsed time > 5s
user system elapsed
ggtladleplot 4.845 0.145 5.820
ggtaugplot 4.423 0.289 5.142
tPCAaug 3.971 0.300 5.589
tPCAladle 3.894 0.010 5.578
Flavor: r-devel-linux-x86_64-debian-clang
These binaries (installable software) and packages are in development.
They may not be fully stable and should be used with caution. We make no claims about them.