Last updated on 2025-05-01 14:49:24 CEST.
Flavor | Version | Tinstall | Tcheck | Ttotal | Status | Flags |
---|---|---|---|---|---|---|
r-devel-linux-x86_64-debian-clang | 1.0.2 | 10.15 | 78.89 | 89.04 | NOTE | |
r-devel-linux-x86_64-debian-gcc | 1.0.2 | 6.97 | 54.99 | 61.96 | OK | |
r-devel-linux-x86_64-fedora-clang | 1.0.2 | 144.91 | OK | |||
r-devel-linux-x86_64-fedora-gcc | 1.0.2 | 134.96 | OK | |||
r-devel-windows-x86_64 | 1.0.2 | 11.00 | 87.00 | 98.00 | OK | |
r-patched-linux-x86_64 | 1.0.2 | 10.31 | 73.03 | 83.34 | OK | |
r-release-linux-x86_64 | OK | |||||
r-release-macos-arm64 | 1.0.2 | 39.00 | OK | |||
r-release-macos-x86_64 | 1.0.2 | 78.00 | OK | |||
r-release-windows-x86_64 | 1.0.2 | 12.00 | 90.00 | 102.00 | OK | |
r-oldrel-macos-arm64 | 1.0.2 | 37.00 | OK | |||
r-oldrel-macos-x86_64 | 1.0.2 | 58.00 | OK | |||
r-oldrel-windows-x86_64 | 1.0.2 | 14.00 | 101.00 | 115.00 | OK |
Version: 1.0.2
Check: examples
Result: NOTE
Examples with CPU (user + system) or elapsed time > 5s
user system elapsed
tenAR.est 4.346 0.156 5.946
Flavor: r-devel-linux-x86_64-debian-clang
These binaries (installable software) and packages are in development.
They may not be fully stable and should be used with caution. We make no claims about them.