Last updated on 2025-02-19 17:51:06 CET.
Flavor | Version | Tinstall | Tcheck | Ttotal | Status | Flags |
---|---|---|---|---|---|---|
r-devel-linux-x86_64-debian-clang | 2.16.0 | 8.62 | 74.02 | 82.64 | NOTE | |
r-devel-linux-x86_64-debian-gcc | 2.16.0 | 6.58 | 52.01 | 58.59 | NOTE | |
r-devel-linux-x86_64-fedora-clang | 2.16.0 | 136.49 | OK | |||
r-devel-linux-x86_64-fedora-gcc | 2.16.0 | 132.08 | OK | |||
r-devel-macos-arm64 | 2.16.0 | 42.00 | OK | |||
r-devel-macos-x86_64 | 2.16.0 | 72.00 | OK | |||
r-devel-windows-x86_64 | 2.16.0 | 10.00 | 84.00 | 94.00 | NOTE | |
r-patched-linux-x86_64 | 2.16.0 | 13.11 | 66.84 | 79.95 | OK | |
r-release-linux-x86_64 | 2.16.0 | 9.08 | 68.10 | 77.18 | OK | |
r-release-macos-arm64 | 2.16.0 | 40.00 | OK | |||
r-release-macos-x86_64 | 2.16.0 | 55.00 | OK | |||
r-release-windows-x86_64 | 2.16.0 | 11.00 | 84.00 | 95.00 | OK | |
r-oldrel-macos-arm64 | 2.16.0 | 42.00 | OK | |||
r-oldrel-macos-x86_64 | 2.16.0 | 87.00 | OK | |||
r-oldrel-windows-x86_64 | 2.16.0 | 13.00 | 104.00 | 117.00 | OK |
Version: 2.16.0
Check: Rd cross-references
Result: NOTE
Found the following Rd file(s) with Rd \link{} targets missing package
anchors:
parse_arguments.Rd: yaml.load
Please provide package anchors for all Rd \link{} targets not in the
package itself and the base packages.
Flavors: r-devel-linux-x86_64-debian-clang, r-devel-linux-x86_64-debian-gcc, r-devel-windows-x86_64
These binaries (installable software) and packages are in development.
They may not be fully stable and should be used with caution. We make no claims about them.