CRAN Package Check Results for Package tensorsparse

Last updated on 2025-05-01 15:49:47 CEST.

Flavor Version Tinstall Tcheck Ttotal Status Flags
r-devel-linux-x86_64-debian-clang 3.0 3.39 24.17 27.56 NOTE
r-devel-linux-x86_64-debian-gcc 3.0 2.70 18.86 21.56 NOTE
r-devel-linux-x86_64-fedora-clang 3.0 44.37 OK
r-devel-linux-x86_64-fedora-gcc 3.0 41.99 OK
r-devel-windows-x86_64 3.0 7.00 49.00 56.00 OK
r-patched-linux-x86_64 3.0 3.56 23.23 26.79 OK
r-release-linux-x86_64 OK
r-release-macos-arm64 3.0 18.00 OK
r-release-macos-x86_64 3.0 29.00 OK
r-release-windows-x86_64 3.0 6.00 53.00 59.00 OK
r-oldrel-macos-arm64 3.0 18.00 OK
r-oldrel-macos-x86_64 3.0 27.00 OK
r-oldrel-windows-x86_64 3.0 7.00 47.00 54.00 OK

Check Details

Version: 3.0
Check: CRAN incoming feasibility
Result: NOTE Maintainer: ‘Yuchen Zeng <yzeng58@wisc.edu>’ No Authors@R field in DESCRIPTION. Please add one, modifying Authors@R: c(person(given = "Miaoyan", family = "Wang", role = "aut"), person(given = "Yuchen", family = "Zeng", role = c("aut", "cre"), email = "yzeng58@wisc.edu")) as necessary. Flavors: r-devel-linux-x86_64-debian-clang, r-devel-linux-x86_64-debian-gcc

These binaries (installable software) and packages are in development.
They may not be fully stable and should be used with caution. We make no claims about them.