Last updated on 2025-11-13 13:57:35 CET.
| Flavor | Version | Tinstall | Tcheck | Ttotal | Status | Flags |
|---|---|---|---|---|---|---|
| r-devel-linux-x86_64-debian-clang | 1.1.12 | 44.57 | 518.13 | 562.70 | OK | |
| r-devel-linux-x86_64-debian-gcc | 1.1.12 | 35.51 | 401.86 | 437.37 | OK | |
| r-devel-linux-x86_64-fedora-clang | 1.1.12 | 98.00 | 787.87 | 885.87 | OK | |
| r-devel-linux-x86_64-fedora-gcc | 1.1.12 | 96.00 | 768.85 | 864.85 | OK | |
| r-devel-windows-x86_64 | 1.1.12 | 6.00 | 8.00 | 14.00 | ERROR | |
| r-patched-linux-x86_64 | 1.1.12 | 48.08 | 497.36 | 545.44 | OK | |
| r-release-linux-x86_64 | 1.1.12 | 43.21 | 496.89 | 540.10 | OK | |
| r-release-macos-arm64 | 1.1.12 | 23.00 | 246.00 | 269.00 | OK | |
| r-release-macos-x86_64 | 1.1.12 | 47.00 | 393.00 | 440.00 | OK | |
| r-release-windows-x86_64 | 1.1.12 | 50.00 | 460.00 | 510.00 | OK | |
| r-oldrel-macos-arm64 | 1.1.12 | 24.00 | 270.00 | 294.00 | OK | |
| r-oldrel-macos-x86_64 | 1.1.12 | 47.00 | 431.00 | 478.00 | OK | |
| r-oldrel-windows-x86_64 | 1.1.12 | 62.00 | 698.00 | 760.00 | OK |
Version: 1.1.12
Check: whether package can be installed
Result: ERROR
Installation failed.
Flavor: r-devel-windows-x86_64
These binaries (installable software) and packages are in development.
They may not be fully stable and should be used with caution. We make no claims about them.