Last updated on 2025-07-19 09:48:43 CEST.
Flavor | Version | Tinstall | Tcheck | Ttotal | Status | Flags |
---|---|---|---|---|---|---|
r-devel-linux-x86_64-debian-clang | 1.1.8 | 45.22 | 501.12 | 546.34 | OK | |
r-devel-linux-x86_64-debian-gcc | 1.1.8 | 31.46 | 387.83 | 419.29 | OK | |
r-devel-linux-x86_64-fedora-clang | 1.1.8 | 832.76 | OK | |||
r-devel-linux-x86_64-fedora-gcc | 1.1.8 | 801.09 | OK | |||
r-devel-windows-x86_64 | 1.1.8 | 44.00 | 518.00 | 562.00 | OK | |
r-patched-linux-x86_64 | 1.1.8 | 42.81 | 482.59 | 525.40 | OK | |
r-release-linux-x86_64 | 1.1.8 | 45.67 | 471.66 | 517.33 | OK | |
r-release-macos-arm64 | 1.1.8 | 176.00 | OK | |||
r-release-macos-x86_64 | 1.1.8 | 364.00 | OK | |||
r-release-windows-x86_64 | 1.1.8 | 44.00 | 518.00 | 562.00 | OK | |
r-oldrel-macos-arm64 | 1.1.8 | 218.00 | NOTE | |||
r-oldrel-macos-x86_64 | 1.1.8 | 350.00 | NOTE | |||
r-oldrel-windows-x86_64 | 1.1.8 | 63.00 | 672.00 | 735.00 | NOTE |
Version: 1.1.8
Check: installed package size
Result: NOTE
installed size is 5.6Mb
sub-directories of 1Mb or more:
doc 2.6Mb
extdata 2.6Mb
Flavors: r-oldrel-macos-arm64, r-oldrel-macos-x86_64, r-oldrel-windows-x86_64
These binaries (installable software) and packages are in development.
They may not be fully stable and should be used with caution. We make no claims about them.