Last updated on 2025-05-01 08:52:48 CEST.
Flavor | Version | Tinstall | Tcheck | Ttotal | Status | Flags |
---|---|---|---|---|---|---|
r-devel-linux-x86_64-debian-clang | 0.1.0 | 28.05 | 101.13 | 129.18 | NOTE | |
r-devel-linux-x86_64-debian-gcc | 0.1.0 | 22.90 | 60.67 | 83.57 | OK | |
r-devel-linux-x86_64-fedora-clang | 0.1.0 | 233.31 | OK | |||
r-devel-linux-x86_64-fedora-gcc | 0.1.0 | 210.36 | OK | |||
r-devel-windows-x86_64 | 0.1.0 | 31.00 | 131.00 | 162.00 | OK | |
r-patched-linux-x86_64 | 0.1.0 | 31.57 | 80.03 | 111.60 | OK | |
r-release-linux-x86_64 | OK | |||||
r-release-macos-arm64 | 0.1.0 | 75.00 | OK | |||
r-release-macos-x86_64 | 0.1.0 | 178.00 | OK | |||
r-release-windows-x86_64 | 0.1.0 | 33.00 | 136.00 | 169.00 | OK | |
r-oldrel-macos-arm64 | 0.1.0 | 66.00 | OK | |||
r-oldrel-macos-x86_64 | 0.1.0 | 108.00 | OK | |||
r-oldrel-windows-x86_64 | 0.1.0 | 37.00 | 170.00 | 207.00 | OK |
Version: 0.1.0
Check: examples
Result: NOTE
Examples with CPU (user + system) or elapsed time > 5s
user system elapsed
td_tests 5.382 0.003 6.963
Flavor: r-devel-linux-x86_64-debian-clang
These binaries (installable software) and packages are in development.
They may not be fully stable and should be used with caution. We make no claims about them.