Last updated on 2025-07-26 03:50:04 CEST.
Flavor | Version | Tinstall | Tcheck | Ttotal | Status | Flags |
---|---|---|---|---|---|---|
r-devel-linux-x86_64-debian-clang | 0.9.9 | 29.57 | 574.30 | 603.87 | OK | |
r-devel-linux-x86_64-debian-gcc | 0.9.9 | 17.26 | 369.56 | 386.82 | OK | |
r-devel-linux-x86_64-fedora-clang | 0.9.9 | 916.99 | OK | |||
r-devel-linux-x86_64-fedora-gcc | 0.9.9 | 895.04 | OK | |||
r-devel-windows-x86_64 | 0.9.9 | 34.00 | 540.00 | 574.00 | OK | |
r-patched-linux-x86_64 | 0.9.9 | 35.72 | 536.22 | 571.94 | OK | |
r-release-linux-x86_64 | 0.9.9 | 26.51 | 538.50 | 565.01 | OK | |
r-release-macos-arm64 | 0.9.9 | 176.00 | OK | |||
r-release-macos-x86_64 | 0.9.9 | 276.00 | OK | |||
r-release-windows-x86_64 | 0.9.9 | 33.00 | 537.00 | 570.00 | OK | |
r-oldrel-macos-arm64 | 0.9.9 | 188.00 | NOTE | |||
r-oldrel-macos-x86_64 | 0.9.9 | 295.00 | NOTE | |||
r-oldrel-windows-x86_64 | 0.9.9 | 43.00 | 738.00 | 781.00 | NOTE |
Version: 0.9.9
Check: installed package size
Result: NOTE
installed size is 9.2Mb
sub-directories of 1Mb or more:
doc 5.3Mb
help 2.7Mb
Flavors: r-oldrel-macos-arm64, r-oldrel-macos-x86_64, r-oldrel-windows-x86_64
These binaries (installable software) and packages are in development.
They may not be fully stable and should be used with caution. We make no claims about them.