Last updated on 2025-10-23 11:50:30 CEST.
Flavor | Version | Tinstall | Tcheck | Ttotal | Status | Flags |
---|---|---|---|---|---|---|
r-devel-linux-x86_64-debian-clang | 0.9.9 | 29.53 | 623.75 | 653.28 | NOTE | |
r-devel-linux-x86_64-debian-gcc | 0.9.9 | 21.72 | 384.66 | 406.38 | OK | |
r-devel-linux-x86_64-fedora-clang | 0.9.9 | 135.00 | 911.78 | 1046.78 | OK | |
r-devel-linux-x86_64-fedora-gcc | 0.9.9 | 61.00 | 914.22 | 975.22 | OK | |
r-devel-windows-x86_64 | 0.9.9 | 34.00 | 573.00 | 607.00 | OK | |
r-patched-linux-x86_64 | 0.9.9 | 37.06 | 583.40 | 620.46 | OK | |
r-release-linux-x86_64 | 0.9.9 | 27.15 | 579.76 | 606.91 | OK | |
r-release-macos-arm64 | 0.9.9 | 12.00 | 164.00 | 176.00 | OK | |
r-release-macos-x86_64 | 0.9.9 | 23.00 | 253.00 | 276.00 | OK | |
r-release-windows-x86_64 | 0.9.9 | 34.00 | 573.00 | 607.00 | OK | |
r-oldrel-macos-arm64 | 0.9.9 | 13.00 | 175.00 | 188.00 | NOTE | |
r-oldrel-macos-x86_64 | 0.9.9 | 26.00 | 269.00 | 295.00 | NOTE | |
r-oldrel-windows-x86_64 | 0.9.9 | 45.00 | 777.00 | 822.00 | NOTE |
Version: 0.9.9
Check: HTML version of manual
Result: NOTE
Found the following HTML validation problems:
apply_auto_formatting.html:62:1 (apply_auto_formatting.Rd:19): Warning: missing </ul> before </div>
Flavor: r-devel-linux-x86_64-debian-clang
Version: 0.9.9
Check: installed package size
Result: NOTE
installed size is 9.2Mb
sub-directories of 1Mb or more:
doc 5.3Mb
help 2.7Mb
Flavors: r-oldrel-macos-arm64, r-oldrel-macos-x86_64, r-oldrel-windows-x86_64
These binaries (installable software) and packages are in development.
They may not be fully stable and should be used with caution. We make no claims about them.