Last updated on 2025-05-01 15:49:47 CEST.
Flavor | Version | Tinstall | Tcheck | Ttotal | Status | Flags |
---|---|---|---|---|---|---|
r-devel-linux-x86_64-debian-clang | 1.3 | 3.24 | 59.83 | 63.07 | NOTE | |
r-devel-linux-x86_64-debian-gcc | 1.3 | 2.31 | 37.88 | 40.19 | OK | |
r-devel-linux-x86_64-fedora-clang | 1.3 | 102.99 | OK | |||
r-devel-linux-x86_64-fedora-gcc | 1.3 | 95.76 | OK | |||
r-devel-windows-x86_64 | 1.3 | 5.00 | 78.00 | 83.00 | OK | |
r-patched-linux-x86_64 | 1.3 | 3.52 | 55.61 | 59.13 | OK | |
r-release-linux-x86_64 | OK | |||||
r-release-macos-arm64 | 1.3 | 31.00 | OK | |||
r-release-macos-x86_64 | 1.3 | 58.00 | OK | |||
r-release-windows-x86_64 | 1.3 | 4.00 | 85.00 | 89.00 | OK | |
r-oldrel-macos-arm64 | 1.3 | 30.00 | OK | |||
r-oldrel-macos-x86_64 | 1.3 | 52.00 | OK | |||
r-oldrel-windows-x86_64 | 1.3 | 4.00 | 88.00 | 92.00 | OK |
Version: 1.3
Check: examples
Result: NOTE
Examples with CPU (user + system) or elapsed time > 5s
user system elapsed
ternvis-package 8.326 0.039 11.414
foot 4.342 0.101 5.714
tmap 4.254 0.008 5.577
tpalette 3.598 0.007 5.166
Flavor: r-devel-linux-x86_64-debian-clang
These binaries (installable software) and packages are in development.
They may not be fully stable and should be used with caution. We make no claims about them.