CRAN Package Check Results for Package ternvis

Last updated on 2025-02-16 08:51:03 CET.

Flavor Version Tinstall Tcheck Ttotal Status Flags
r-devel-linux-x86_64-debian-clang 1.2 3.58 58.88 62.46 NOTE
r-devel-linux-x86_64-debian-gcc 1.2 2.68 37.03 39.71 NOTE
r-devel-linux-x86_64-fedora-clang 1.2 102.11 OK
r-devel-linux-x86_64-fedora-gcc 1.2 94.30 OK
r-devel-macos-arm64 1.2 28.00 OK
r-devel-macos-x86_64 1.2 51.00 OK
r-devel-windows-x86_64 1.2 5.00 72.00 77.00 NOTE
r-patched-linux-x86_64 1.2 4.90 55.19 60.09 OK
r-release-linux-x86_64 1.2 3.10 53.60 56.70 OK
r-release-macos-arm64 1.2 29.00 OK
r-release-macos-x86_64 1.2 53.00 OK
r-release-windows-x86_64 1.2 5.00 81.00 86.00 OK
r-oldrel-macos-arm64 1.2 30.00 OK
r-oldrel-macos-x86_64 1.2 48.00 OK
r-oldrel-windows-x86_64 1.2 4.00 83.00 87.00 OK

Check Details

Version: 1.2
Check: Rd cross-references
Result: NOTE Found the following Rd file(s) with Rd \link{} targets missing package anchors: tcolour.Rd: dichromat tpalette.Rd: dichromat Please provide package anchors for all Rd \link{} targets not in the package itself and the base packages. Flavors: r-devel-linux-x86_64-debian-clang, r-devel-linux-x86_64-debian-gcc, r-devel-windows-x86_64

These binaries (installable software) and packages are in development.
They may not be fully stable and should be used with caution. We make no claims about them.