Last updated on 2025-02-20 14:51:11 CET.
Flavor | Version | Tinstall | Tcheck | Ttotal | Status | Flags |
---|---|---|---|---|---|---|
r-devel-linux-x86_64-debian-clang | 1.8-21 | 500.67 | 381.21 | 881.88 | OK | |
r-devel-linux-x86_64-debian-gcc | 1.8-21 | 403.04 | 231.41 | 634.45 | OK | |
r-devel-linux-x86_64-fedora-clang | 1.8-21 | 1658.98 | OK | |||
r-devel-linux-x86_64-fedora-gcc | 1.8-21 | 1816.68 | OK | |||
r-devel-macos-arm64 | 1.8-21 | 253.00 | OK | |||
r-devel-macos-x86_64 | 1.8-21 | 731.00 | OK | |||
r-devel-windows-x86_64 | 1.8-21 | 524.00 | 882.00 | 1406.00 | OK | |
r-patched-linux-x86_64 | 1.8-21 | 573.81 | 351.43 | 925.24 | OK | |
r-release-linux-x86_64 | 1.8-21 | 553.96 | 358.41 | 912.37 | OK | |
r-release-macos-arm64 | 1.8-21 | 319.00 | NOTE | |||
r-release-macos-x86_64 | 1.8-21 | 677.00 | NOTE | |||
r-release-windows-x86_64 | 1.8-21 | 522.00 | 874.00 | 1396.00 | NOTE | |
r-oldrel-macos-arm64 | 1.8-10 | 344.00 | NOTE | |||
r-oldrel-macos-x86_64 | 1.8-21 | 674.00 | NOTE | |||
r-oldrel-windows-x86_64 | 1.8-21 | 541.00 | 1118.00 | 1659.00 | NOTE |
Version: 1.8-21
Check: installed package size
Result: NOTE
installed size is 130.7Mb
sub-directories of 1Mb or more:
R 3.1Mb
libs 126.0Mb
Flavors: r-release-macos-arm64, r-release-macos-x86_64, r-release-windows-x86_64, r-oldrel-macos-x86_64, r-oldrel-windows-x86_64
Version: 1.8-10
Check: installed package size
Result: NOTE
installed size is 301.5Mb
sub-directories of 1Mb or more:
R 3.0Mb
libs 296.9Mb
Flavor: r-oldrel-macos-arm64
These binaries (installable software) and packages are in development.
They may not be fully stable and should be used with caution. We make no claims about them.