Last updated on 2024-07-27 15:50:35 CEST.
Flavor | Version | Tinstall | Tcheck | Ttotal | Status | Flags |
---|---|---|---|---|---|---|
r-devel-linux-x86_64-debian-clang | 1.7-78 | 576.58 | 480.90 | 1057.48 | OK | |
r-devel-linux-x86_64-debian-gcc | 1.7-78 | NOTE | ||||
r-devel-linux-x86_64-fedora-clang | 1.7-78 | 1577.97 | NOTE | |||
r-devel-linux-x86_64-fedora-gcc | 1.7-78 | 1565.91 | OK | |||
r-devel-windows-x86_64 | 1.7-78 | 482.00 | 836.00 | 1318.00 | NOTE | |
r-patched-linux-x86_64 | 1.7-78 | OK | ||||
r-release-linux-x86_64 | 1.7-78 | 540.60 | 446.19 | 986.79 | OK | |
r-release-macos-arm64 | 1.7-78 | 365.00 | NOTE | |||
r-release-macos-x86_64 | 1.7-78 | 379.00 | NOTE | |||
r-release-windows-x86_64 | 1.7-78 | 533.00 | 817.00 | 1350.00 | NOTE | |
r-oldrel-macos-arm64 | 1.7-78 | 362.00 | NOTE | |||
r-oldrel-macos-x86_64 | 1.7-78 | 704.00 | NOTE | |||
r-oldrel-windows-x86_64 | 1.7-78 | 496.00 | 1061.00 | 1557.00 | NOTE |
Version: 1.7-78
Check: Rd cross-references
Result: NOTE
Found the following Rd file(s) with Rd \link{} targets missing package
anchors:
focalCpp.Rd: cppFunction
Please provide package anchors for all Rd \link{} targets not in the
package itself and the base packages.
Flavors: r-devel-linux-x86_64-debian-gcc, r-devel-windows-x86_64
Version: 1.7-78
Check: installed package size
Result: NOTE
installed size is 10.0Mb
sub-directories of 1Mb or more:
R 2.3Mb
libs 6.3Mb
Flavors: r-devel-linux-x86_64-fedora-clang, r-devel-windows-x86_64, r-release-macos-arm64, r-release-macos-x86_64, r-release-windows-x86_64, r-oldrel-macos-arm64, r-oldrel-macos-x86_64, r-oldrel-windows-x86_64
These binaries (installable software) and packages are in development.
They may not be fully stable and should be used with caution. We make no claims about them.