CRAN Package Check Results for Package terrainmeshr

Last updated on 2025-10-26 23:50:33 CET.

Flavor Version Tinstall Tcheck Ttotal Status Flags
r-devel-linux-x86_64-debian-clang 0.1.0 15.30 24.19 39.49 NOTE
r-devel-linux-x86_64-debian-gcc 0.1.0 10.63 19.06 29.69 NOTE
r-devel-linux-x86_64-fedora-clang 0.1.0 108.00 -31.29 76.71 NOTE
r-devel-linux-x86_64-fedora-gcc 0.1.0 40.00 23.86 63.86 NOTE
r-devel-windows-x86_64 0.1.0 19.00 54.00 73.00 NOTE
r-patched-linux-x86_64 0.1.0 13.64 23.37 37.01 NOTE
r-release-linux-x86_64 0.1.0 15.22 22.71 37.93 NOTE
r-release-macos-arm64 0.1.0 7.00 20.00 27.00 NOTE
r-release-macos-x86_64 0.1.0 10.00 26.00 36.00 NOTE
r-release-windows-x86_64 0.1.0 22.00 61.00 83.00 NOTE
r-oldrel-macos-arm64 0.1.0 9.00 14.00 23.00 NOTE
r-oldrel-macos-x86_64 0.1.0 10.00 21.00 31.00 NOTE
r-oldrel-windows-x86_64 0.1.0 23.00 71.00 94.00 NOTE

Check Details

Version: 0.1.0
Check: C++ specification
Result: NOTE Specified C++11: please drop specification unless essential Flavors: r-devel-linux-x86_64-debian-clang, r-devel-linux-x86_64-debian-gcc, r-devel-linux-x86_64-fedora-clang, r-devel-linux-x86_64-fedora-gcc, r-devel-windows-x86_64, r-patched-linux-x86_64, r-release-linux-x86_64, r-release-macos-arm64, r-release-macos-x86_64, r-release-windows-x86_64, r-oldrel-macos-arm64, r-oldrel-macos-x86_64, r-oldrel-windows-x86_64

Version: 0.1.0
Check: LazyData
Result: NOTE 'LazyData' is specified without a 'data' directory Flavors: r-oldrel-macos-arm64, r-oldrel-macos-x86_64, r-oldrel-windows-x86_64

These binaries (installable software) and packages are in development.
They may not be fully stable and should be used with caution. We make no claims about them.