Last updated on 2025-10-23 17:51:05 CEST.
Flavor | Version | Tinstall | Tcheck | Ttotal | Status | Flags |
---|---|---|---|---|---|---|
r-devel-linux-x86_64-debian-clang | 5.2.3 | 11.55 | 73.12 | 84.67 | OK | |
r-devel-linux-x86_64-debian-gcc | 5.2.3 | 10.36 | 68.60 | 78.96 | OK | |
r-devel-linux-x86_64-fedora-gcc | 5.2.3 | 30.00 | 88.20 | 118.20 | OK | |
r-devel-windows-x86_64 | 5.2.3 | 43.00 | 135.00 | 178.00 | OK | |
r-patched-linux-x86_64 | 5.2.3 | 14.25 | 67.54 | 81.79 | OK | |
r-release-linux-x86_64 | 5.2.3 | 14.13 | 58.81 | 72.94 | OK | |
r-release-macos-arm64 | 5.2.3 | 15.00 | 71.00 | 86.00 | OK | |
r-release-macos-x86_64 | 5.2.3 | 20.00 | 93.00 | 113.00 | OK | |
r-release-windows-x86_64 | 5.2.3 | 43.00 | 145.00 | 188.00 | OK | |
r-oldrel-macos-arm64 | 5.2.3 | 11.00 | 56.00 | 67.00 | NOTE | |
r-oldrel-macos-x86_64 | 5.2.3 | 18.00 | 130.00 | 148.00 | NOTE | |
r-oldrel-windows-x86_64 | 5.2.3 | 49.00 | 175.00 | 224.00 | NOTE |
Version: 5.2.3
Check: installed package size
Result: NOTE
installed size is 32.3Mb
sub-directories of 1Mb or more:
doc 1.1Mb
libs 8.9Mb
tessdata 22.2Mb
Flavors: r-oldrel-macos-arm64, r-oldrel-macos-x86_64, r-oldrel-windows-x86_64
These binaries (installable software) and packages are in development.
They may not be fully stable and should be used with caution. We make no claims about them.