Last updated on 2025-05-01 14:49:24 CEST.
Flavor | Version | Tinstall | Tcheck | Ttotal | Status | Flags |
---|---|---|---|---|---|---|
r-devel-linux-x86_64-debian-clang | 0.2.0 | 6.73 | 70.11 | 76.84 | NOTE | |
r-devel-linux-x86_64-debian-gcc | 0.2.0 | 4.87 | 52.27 | 57.14 | NOTE | |
r-devel-linux-x86_64-fedora-clang | 0.2.0 | 135.30 | NOTE | |||
r-devel-linux-x86_64-fedora-gcc | 0.2.0 | 134.43 | NOTE | |||
r-devel-windows-x86_64 | 0.2.0 | 8.00 | 104.00 | 112.00 | OK | |
r-patched-linux-x86_64 | 0.2.0 | 6.26 | 65.52 | 71.78 | OK | |
r-release-linux-x86_64 | OK | |||||
r-release-macos-arm64 | 0.2.0 | 100.00 | OK | |||
r-release-macos-x86_64 | 0.2.0 | 84.00 | OK | |||
r-release-windows-x86_64 | 0.2.0 | 8.00 | 108.00 | 116.00 | OK | |
r-oldrel-macos-arm64 | 0.2.0 | 66.00 | OK | |||
r-oldrel-macos-x86_64 | 0.2.0 | 90.00 | OK | |||
r-oldrel-windows-x86_64 | 0.2.0 | 10.00 | 111.00 | 121.00 | OK |
Version: 0.2.0
Check: CRAN incoming feasibility
Result: NOTE
Maintainer: ‘Violetta Dalla <vidalla@econ.uoa.gr>’
No Authors@R field in DESCRIPTION.
Please add one, modifying
Authors@R: c(person(given = "Violetta",
family = "Dalla",
role = c("aut", "cre"),
email = "vidalla@econ.uoa.gr"),
person(given = "Liudas",
family = "Giraitis",
role = "aut"),
person(given = c("Peter", "C.", "B."),
family = "Phillips",
role = "aut"))
as necessary.
Flavors: r-devel-linux-x86_64-debian-clang, r-devel-linux-x86_64-debian-gcc
Version: 0.2.0
Check: for detritus in the temp directory
Result: NOTE
Found the following files/directories:
‘par-7269706c6579’
Flavors: r-devel-linux-x86_64-fedora-clang, r-devel-linux-x86_64-fedora-gcc
These binaries (installable software) and packages are in development.
They may not be fully stable and should be used with caution. We make no claims about them.