Last updated on 2024-07-27 15:50:35 CEST.
Flavor | Version | Tinstall | Tcheck | Ttotal | Status | Flags |
---|---|---|---|---|---|---|
r-devel-linux-x86_64-debian-clang | 0.4.2 | 7.75 | 79.83 | 87.58 | OK | |
r-devel-linux-x86_64-debian-gcc | 0.4.2 | NOTE | ||||
r-devel-linux-x86_64-fedora-clang | 0.4.2 | 111.31 | OK | |||
r-devel-linux-x86_64-fedora-gcc | 0.4.2 | 117.38 | OK | |||
r-devel-windows-x86_64 | 0.4.2 | 11.00 | 83.00 | 94.00 | NOTE | |
r-patched-linux-x86_64 | 0.4.2 | OK | ||||
r-release-linux-x86_64 | 0.4.2 | 4.03 | 74.24 | 78.27 | OK | |
r-release-macos-arm64 | 0.4.2 | 41.00 | OK | |||
r-release-macos-x86_64 | 0.4.2 | 58.00 | OK | |||
r-release-windows-x86_64 | 0.4.2 | 7.00 | 84.00 | 91.00 | OK | |
r-oldrel-macos-arm64 | 0.4.2 | 44.00 | OK | |||
r-oldrel-macos-x86_64 | 0.4.2 | 89.00 | OK | |||
r-oldrel-windows-x86_64 | 0.4.2 | 9.00 | 94.00 | 103.00 | OK |
Version: 0.4.2
Check: Rd cross-references
Result: NOTE
Found the following Rd file(s) with Rd \link{} targets missing package
anchors:
chk-defunct.Rd: dplyr_tidy_select
expect-defunct.Rd: dplyr_tidy_select
output_results_excel.Rd: test_dir, test_file
Please provide package anchors for all Rd \link{} targets not in the
package itself and the base packages.
Flavors: r-devel-linux-x86_64-debian-gcc, r-devel-windows-x86_64
These binaries (installable software) and packages are in development.
They may not be fully stable and should be used with caution. We make no claims about them.