Last updated on 2025-05-01 12:49:43 CEST.
Flavor | Version | Tinstall | Tcheck | Ttotal | Status | Flags |
---|---|---|---|---|---|---|
r-devel-linux-x86_64-debian-clang | 0.1.0 | 1.58 | 23.42 | 25.00 | NOTE | |
r-devel-linux-x86_64-debian-gcc | 0.1.0 | 1.36 | 18.68 | 20.04 | NOTE | |
r-devel-linux-x86_64-fedora-clang | 0.1.0 | 37.95 | OK | |||
r-devel-linux-x86_64-fedora-gcc | 0.1.0 | 35.52 | OK | |||
r-devel-windows-x86_64 | 0.1.0 | 2.00 | 51.00 | 53.00 | OK | |
r-patched-linux-x86_64 | 0.1.0 | 1.55 | 21.30 | 22.85 | OK | |
r-release-linux-x86_64 | OK | |||||
r-release-macos-arm64 | 0.1.0 | 18.00 | OK | |||
r-release-macos-x86_64 | 0.1.0 | 28.00 | OK | |||
r-release-windows-x86_64 | 0.1.0 | 3.00 | 54.00 | 57.00 | OK | |
r-oldrel-macos-arm64 | 0.1.0 | 16.00 | OK | |||
r-oldrel-macos-x86_64 | 0.1.0 | 24.00 | OK | |||
r-oldrel-windows-x86_64 | 0.1.0 | 3.00 | 48.00 | 51.00 | OK |
Version: 0.1.0
Check: CRAN incoming feasibility
Result: NOTE
Maintainer: ‘Collin Erickson <collinberickson@gmail.com>’
No Authors@R field in DESCRIPTION.
Please add one, modifying
Authors@R: person(given = "Collin",
family = "Erickson",
role = c("aut", "cre"),
email = "collinberickson@gmail.com")
as necessary.
Flavors: r-devel-linux-x86_64-debian-clang, r-devel-linux-x86_64-debian-gcc
These binaries (installable software) and packages are in development.
They may not be fully stable and should be used with caution. We make no claims about them.