Last updated on 2025-05-29 07:50:03 CEST.
Flavor | Version | Tinstall | Tcheck | Ttotal | Status | Flags |
---|---|---|---|---|---|---|
r-devel-linux-x86_64-debian-clang | 1.0.3 | 1.83 | 20.17 | 22.00 | NOTE | |
r-devel-linux-x86_64-debian-gcc | 1.0.3 | 1.38 | 16.82 | 18.20 | NOTE | |
r-devel-linux-x86_64-fedora-clang | 1.0.3 | 34.07 | OK | |||
r-devel-linux-x86_64-fedora-gcc | 1.0.3 | 33.08 | OK | |||
r-devel-windows-x86_64 | 1.0.3 | 2.00 | 50.00 | 52.00 | OK | |
r-patched-linux-x86_64 | 1.0.3 | 2.02 | 19.60 | 21.62 | OK | |
r-release-linux-x86_64 | 1.0.3 | 1.84 | 19.43 | 21.27 | OK | |
r-release-macos-arm64 | 1.0.3 | 17.00 | OK | |||
r-release-macos-x86_64 | 1.0.3 | 26.00 | OK | |||
r-release-windows-x86_64 | 1.0.3 | 3.00 | 55.00 | 58.00 | OK | |
r-oldrel-macos-arm64 | 1.0.3 | 16.00 | OK | |||
r-oldrel-macos-x86_64 | 1.0.3 | 23.00 | OK | |||
r-oldrel-windows-x86_64 | 1.0.3 | 3.00 | 51.00 | 54.00 | OK |
Version: 1.0.3
Check: CRAN incoming feasibility
Result: NOTE
Maintainer: ‘Paul R. Rosenbaum <rosenbaum@wharton.upenn.edu>’
No Authors@R field in DESCRIPTION.
Please add one, modifying
Authors@R: person(given = c("Paul", "R."),
family = "Rosenbaum",
role = c("aut", "cre"),
email = "rosenbaum@wharton.upenn.edu")
as necessary.
Flavors: r-devel-linux-x86_64-debian-clang, r-devel-linux-x86_64-debian-gcc
These binaries (installable software) and packages are in development.
They may not be fully stable and should be used with caution. We make no claims about them.