Last updated on 2025-05-01 14:49:24 CEST.
Flavor | Version | Tinstall | Tcheck | Ttotal | Status | Flags |
---|---|---|---|---|---|---|
r-devel-linux-x86_64-debian-clang | 0.1.21 | 7.36 | 93.82 | 101.18 | NOTE | |
r-devel-linux-x86_64-debian-gcc | 0.1.21 | 4.89 | 67.77 | 72.66 | NOTE | |
r-devel-linux-x86_64-fedora-clang | 0.1.21 | 153.38 | OK | |||
r-devel-linux-x86_64-fedora-gcc | 0.1.21 | 133.38 | OK | |||
r-devel-windows-x86_64 | 0.1.21 | 11.00 | 103.00 | 114.00 | OK | |
r-patched-linux-x86_64 | 0.1.21 | 6.34 | 85.89 | 92.23 | OK | |
r-release-linux-x86_64 | OK | |||||
r-release-macos-arm64 | 0.1.21 | 42.00 | OK | |||
r-release-macos-x86_64 | 0.1.21 | 77.00 | OK | |||
r-release-windows-x86_64 | 0.1.21 | 11.00 | 107.00 | 118.00 | OK | |
r-oldrel-macos-arm64 | 0.1.21 | 39.00 | NOTE | |||
r-oldrel-macos-x86_64 | 0.1.21 | 62.00 | NOTE | |||
r-oldrel-windows-x86_64 | 0.1.21 | 13.00 | 122.00 | 135.00 | NOTE |
Version: 0.1.21
Check: CRAN incoming feasibility
Result: NOTE
Maintainer: ‘vincent guyader <vincent@thinkr.fr>’
No Authors@R field in DESCRIPTION.
Please add one, modifying
Authors@R: person(given = "vincent",
family = "guyader",
role = c("aut", "cre"),
email = "vincent@thinkr.fr")
as necessary.
Flavors: r-devel-linux-x86_64-debian-clang, r-devel-linux-x86_64-debian-gcc
Version: 0.1.21
Check: LazyData
Result: NOTE
'LazyData' is specified without a 'data' directory
Flavors: r-oldrel-macos-arm64, r-oldrel-macos-x86_64, r-oldrel-windows-x86_64
These binaries (installable software) and packages are in development.
They may not be fully stable and should be used with caution. We make no claims about them.