Last updated on 2025-10-24 03:50:47 CEST.
| Flavor | Version | Tinstall | Tcheck | Ttotal | Status | Flags |
|---|---|---|---|---|---|---|
| r-devel-linux-x86_64-debian-clang | 1.3.0 | 14.44 | 111.10 | 125.54 | NOTE | |
| r-devel-linux-x86_64-debian-gcc | 1.3.0 | 9.79 | 78.75 | 88.54 | NOTE | |
| r-devel-linux-x86_64-fedora-clang | 1.3.0 | 68.00 | 133.28 | 201.28 | OK | |
| r-devel-linux-x86_64-fedora-gcc | 1.3.0 | 29.00 | 153.11 | 182.11 | OK | |
| r-devel-windows-x86_64 | 1.3.0 | 16.00 | 107.00 | 123.00 | OK | |
| r-patched-linux-x86_64 | 1.3.0 | 14.18 | 103.74 | 117.92 | OK | |
| r-release-linux-x86_64 | 1.3.0 | 14.13 | 103.41 | 117.54 | OK | |
| r-release-macos-arm64 | 1.3.0 | 6.00 | 46.00 | 52.00 | OK | |
| r-release-macos-x86_64 | 1.3.0 | 11.00 | 73.00 | 84.00 | OK | |
| r-release-windows-x86_64 | 1.3.0 | 15.00 | 110.00 | 125.00 | OK | |
| r-oldrel-macos-arm64 | 1.3.0 | 6.00 | 38.00 | 44.00 | OK | |
| r-oldrel-macos-x86_64 | 1.3.0 | 11.00 | 56.00 | 67.00 | OK | |
| r-oldrel-windows-x86_64 | 1.3.0 | 21.00 | 139.00 | 160.00 | OK |
Version: 1.3.0
Check: CRAN incoming feasibility
Result: NOTE
Maintainer: ‘Giancarlo Vercellino <giancarlo.vercellino@gmail.com>’
No Authors@R field in DESCRIPTION.
Please add one, modifying
Authors@R: person(given = "Giancarlo",
family = "Vercellino",
role = c("aut", "cre"),
email = "giancarlo.vercellino@gmail.com")
as necessary.
Flavors: r-devel-linux-x86_64-debian-clang, r-devel-linux-x86_64-debian-gcc
These binaries (installable software) and packages are in development.
They may not be fully stable and should be used with caution. We make no claims about them.