Last updated on 2025-10-25 09:49:46 CEST.
| Flavor | Version | Tinstall | Tcheck | Ttotal | Status | Flags |
|---|---|---|---|---|---|---|
| r-devel-linux-x86_64-debian-clang | 0.1.1 | 19.86 | 23.83 | 43.69 | NOTE | |
| r-devel-linux-x86_64-debian-gcc | 0.1.1 | 12.27 | 19.58 | 31.85 | NOTE | |
| r-devel-linux-x86_64-fedora-clang | 0.1.1 | 104.00 | -19.60 | 84.40 | OK | |
| r-devel-linux-x86_64-fedora-gcc | 0.1.1 | 35.00 | 35.19 | 70.19 | OK | |
| r-devel-windows-x86_64 | 0.1.1 | 24.00 | 60.00 | 84.00 | OK | |
| r-patched-linux-x86_64 | 0.1.1 | 21.44 | 22.46 | 43.90 | OK | |
| r-release-linux-x86_64 | 0.1.1 | 20.89 | 22.87 | 43.76 | OK | |
| r-release-macos-arm64 | 0.1.1 | 9.00 | 18.00 | 27.00 | OK | |
| r-release-macos-x86_64 | 0.1.1 | 14.00 | 31.00 | 45.00 | OK | |
| r-release-windows-x86_64 | 0.1.1 | 27.00 | 58.00 | 85.00 | OK | |
| r-oldrel-macos-arm64 | 0.1.1 | 9.00 | 15.00 | 24.00 | OK | |
| r-oldrel-macos-x86_64 | 0.1.1 | 11.00 | 23.00 | 34.00 | OK | |
| r-oldrel-windows-x86_64 | 0.1.1 | 30.00 | 72.00 | 102.00 | OK |
Version: 0.1.1
Check: CRAN incoming feasibility
Result: NOTE
Maintainer: ‘Juan Domingo Gonzalez <juanrst@hotmail.com>’
The Description field contains
objects of arbitrary geometries. arXiv preprint <arXiv:2312.16721>).
Please refer to arXiv e-prints via their arXiv DOI <doi:10.48550/arXiv.YYMM.NNNNN>.
Flavors: r-devel-linux-x86_64-debian-clang, r-devel-linux-x86_64-debian-gcc
These binaries (installable software) and packages are in development.
They may not be fully stable and should be used with caution. We make no claims about them.