Last updated on 2025-07-22 07:49:54 CEST.
Flavor | Version | Tinstall | Tcheck | Ttotal | Status | Flags |
---|---|---|---|---|---|---|
r-devel-linux-x86_64-debian-clang | 0.1.1 | 17.97 | 22.66 | 40.63 | NOTE | |
r-devel-linux-x86_64-debian-gcc | 0.1.1 | 14.56 | 18.79 | 33.35 | NOTE | |
r-devel-linux-x86_64-fedora-clang | 0.1.1 | 81.19 | OK | |||
r-devel-linux-x86_64-fedora-gcc | 0.1.1 | 70.84 | OK | |||
r-devel-windows-x86_64 | 0.1.1 | 25.00 | 61.00 | 86.00 | OK | |
r-patched-linux-x86_64 | 0.1.1 | 19.64 | 21.52 | 41.16 | OK | |
r-release-linux-x86_64 | 0.1.1 | 21.11 | 21.70 | 42.81 | OK | |
r-release-macos-arm64 | 0.1.1 | 27.00 | OK | |||
r-release-macos-x86_64 | 0.1.1 | 45.00 | OK | |||
r-release-windows-x86_64 | 0.1.1 | 25.00 | 62.00 | 87.00 | OK | |
r-oldrel-macos-arm64 | 0.1.1 | 24.00 | OK | |||
r-oldrel-macos-x86_64 | 0.1.1 | 34.00 | OK | |||
r-oldrel-windows-x86_64 | 0.1.1 | 29.00 | 70.00 | 99.00 | OK |
Version: 0.1.1
Check: CRAN incoming feasibility
Result: NOTE
Maintainer: ‘Juan Domingo Gonzalez <juanrst@hotmail.com>’
The Description field contains
objects of arbitrary geometries. arXiv preprint <arXiv:2312.16721>).
Please refer to arXiv e-prints via their arXiv DOI <doi:10.48550/arXiv.YYMM.NNNNN>.
Flavors: r-devel-linux-x86_64-debian-clang, r-devel-linux-x86_64-debian-gcc
These binaries (installable software) and packages are in development.
They may not be fully stable and should be used with caution. We make no claims about them.