Last updated on 2025-10-03 01:50:06 CEST.
Flavor | Version | Tinstall | Tcheck | Ttotal | Status | Flags |
---|---|---|---|---|---|---|
r-devel-linux-x86_64-debian-clang | 2.1.0 | 4.97 | 88.12 | 93.09 | NOTE | |
r-devel-linux-x86_64-debian-gcc | 2.1.0 | 4.16 | 68.28 | 72.44 | NOTE | |
r-devel-linux-x86_64-fedora-clang | 2.1.0 | 106.64 | NOTE | |||
r-devel-linux-x86_64-fedora-gcc | 2.1.0 | 122.89 | NOTE | |||
r-devel-windows-x86_64 | 2.1.0 | 10.00 | 96.00 | 106.00 | NOTE | |
r-patched-linux-x86_64 | 2.1.0 | 5.41 | 86.07 | 91.48 | NOTE | |
r-release-linux-x86_64 | 2.1.0 | 5.27 | 85.31 | 90.58 | NOTE | |
r-release-macos-arm64 | 2.1.0 | 161.00 | NOTE | |||
r-release-macos-x86_64 | 2.1.0 | 112.00 | NOTE | |||
r-release-windows-x86_64 | 2.1.0 | 9.00 | 100.00 | 109.00 | NOTE | |
r-oldrel-macos-arm64 | 2.1.0 | 61.00 | OK | |||
r-oldrel-macos-x86_64 | 2.1.0 | 92.00 | OK | |||
r-oldrel-windows-x86_64 | 2.1.0 | 9.00 | 114.00 | 123.00 | OK |
Version: 2.1.0
Check: DESCRIPTION meta-information
Result: NOTE
Missing dependency on R >= 4.1.0 because package code uses the pipe
|> or function shorthand \(...) syntax added in R 4.1.0.
File(s) using such syntax:
‘tex_preview.Rd’
Flavors: r-devel-linux-x86_64-debian-clang, r-devel-linux-x86_64-debian-gcc, r-devel-linux-x86_64-fedora-clang, r-devel-linux-x86_64-fedora-gcc, r-devel-windows-x86_64, r-patched-linux-x86_64, r-release-linux-x86_64, r-release-macos-arm64, r-release-macos-x86_64, r-release-windows-x86_64
These binaries (installable software) and packages are in development.
They may not be fully stable and should be used with caution. We make no claims about them.