Last updated on 2025-11-24 13:50:16 CET.
| Flavor | Version | Tinstall | Tcheck | Ttotal | Status | Flags |
|---|---|---|---|---|---|---|
| r-devel-linux-x86_64-debian-clang | 1.39.4 | 15.45 | 153.12 | 168.57 | ERROR | |
| r-devel-linux-x86_64-debian-gcc | 1.39.4 | 10.06 | 101.42 | 111.48 | ERROR | |
| r-devel-linux-x86_64-fedora-clang | 1.39.4 | 85.00 | 187.20 | 272.20 | ERROR | |
| r-devel-linux-x86_64-fedora-gcc | 1.39.4 | 37.00 | 220.55 | 257.55 | ERROR | |
| r-devel-windows-x86_64 | 1.39.4 | 20.00 | 176.00 | 196.00 | OK | |
| r-patched-linux-x86_64 | 1.39.4 | 18.05 | 137.03 | 155.08 | ERROR | |
| r-release-linux-x86_64 | 1.39.4 | 15.03 | 137.93 | 152.96 | ERROR | |
| r-release-macos-arm64 | 1.39.4 | OK | ||||
| r-release-macos-x86_64 | 1.39.4 | 16.00 | 182.00 | 198.00 | OK | |
| r-release-windows-x86_64 | 1.39.4 | 18.00 | 187.00 | 205.00 | ERROR | |
| r-oldrel-macos-arm64 | 1.39.4 | OK | ||||
| r-oldrel-macos-x86_64 | 1.39.4 | 19.00 | 192.00 | 211.00 | OK | |
| r-oldrel-windows-x86_64 | 1.39.4 | 23.00 | 212.00 | 235.00 | ERROR |
Version: 1.39.4
Check: Rd cross-references
Result: NOTE
Unknown package ‘oglmx’ in Rd xrefs
Flavors: r-devel-linux-x86_64-debian-clang, r-devel-linux-x86_64-debian-gcc, r-devel-linux-x86_64-fedora-clang, r-devel-linux-x86_64-fedora-gcc, r-patched-linux-x86_64, r-release-linux-x86_64
Version: 1.39.4
Check: tests
Result: ERROR
Running ‘testthat.R’ [11s/14s]
Running the tests in ‘tests/testthat.R’ failed.
Complete output:
> library("testthat")
> library("texreg")
Version: 1.39.4
Date: 2024-07-23
Author: Philip Leifeld (University of Manchester)
Consider submitting praise using the praise or praise_interactive functions.
Please cite the JSS article in your publications -- see citation("texreg").
>
> test_check("texreg")
Saving _problems/test-huxtablereg-15.R
Saving _problems/test-texreg-323.R
[ FAIL 2 | WARN 1 | SKIP 33 | PASS 201 ]
══ Skipped tests (33) ══════════════════════════════════════════════════════════
• On CRAN (32): 'test-extract.R:6:3', 'test-extract.R:28:3',
'test-extract.R:67:3', 'test-extract.R:90:3', 'test-extract.R:162:3',
'test-extract.R:193:3', 'test-extract.R:214:3', 'test-extract.R:239:3',
'test-extract.R:280:3', 'test-extract.R:305:3', 'test-extract.R:328:3',
'test-extract.R:367:3', 'test-extract.R:415:3', 'test-extract.R:441:3',
'test-extract.R:467:3', 'test-extract.R:501:3', 'test-extract.R:543:3',
'test-extract.R:591:3', 'test-extract.R:615:3', 'test-extract.R:651:3',
'test-extract.R:738:3', 'test-extract.R:761:3', 'test-extract.R:795:3',
'test-extract.R:824:3', 'test-extract.R:859:3', 'test-extract.R:926:3',
'test-extract.R:979:3', 'test-extract.R:1001:3', 'test-extract.R:1030:3',
'test-extract.R:1054:3', 'test-extract.R:1086:3', 'test-extract.R:1178:3'
• {biglm} is not installed (1): 'test-plotreg.R:39:3'
══ Failed tests ════════════════════════════════════════════════════════════════
── Error ('test-huxtablereg.R:13:3'): huxtablereg gives useful error message if huxtable not installed ──
<lifecycle_error_deprecated/defunctError/rlang_error/error/condition>
Error: `with_mock()` was deprecated in testthat 3.2.0 and is now defunct.
ℹ Please use `with_mocked_bindings()` instead.
Backtrace:
▆
1. └─testthat::with_mock(...) at test-huxtablereg.R:13:3
2. └─lifecycle::deprecate_stop("3.2.0", "with_mock()", "with_mocked_bindings()")
3. └─lifecycle:::deprecate_stop0(msg)
4. └─rlang::cnd_signal(...)
── Error ('test-texreg.R:319:3'): knitreg function works ───────────────────────
<lifecycle_error_deprecated/defunctError/rlang_error/error/condition>
Error: `with_mock()` was deprecated in testthat 3.2.0 and is now defunct.
ℹ Please use `with_mocked_bindings()` instead.
Backtrace:
▆
1. └─testthat::with_mock(...) at test-texreg.R:319:3
2. └─lifecycle::deprecate_stop("3.2.0", "with_mock()", "with_mocked_bindings()")
3. └─lifecycle:::deprecate_stop0(msg)
4. └─rlang::cnd_signal(...)
[ FAIL 2 | WARN 1 | SKIP 33 | PASS 201 ]
Error:
! Test failures.
Execution halted
Flavor: r-devel-linux-x86_64-debian-clang
Version: 1.39.4
Check: tests
Result: ERROR
Running ‘testthat.R’ [7s/8s]
Running the tests in ‘tests/testthat.R’ failed.
Complete output:
> library("testthat")
> library("texreg")
Version: 1.39.4
Date: 2024-07-23
Author: Philip Leifeld (University of Manchester)
Consider submitting praise using the praise or praise_interactive functions.
Please cite the JSS article in your publications -- see citation("texreg").
>
> test_check("texreg")
Saving _problems/test-huxtablereg-15.R
Saving _problems/test-texreg-323.R
[ FAIL 2 | WARN 1 | SKIP 33 | PASS 201 ]
══ Skipped tests (33) ══════════════════════════════════════════════════════════
• On CRAN (32): 'test-extract.R:6:3', 'test-extract.R:28:3',
'test-extract.R:67:3', 'test-extract.R:90:3', 'test-extract.R:162:3',
'test-extract.R:193:3', 'test-extract.R:214:3', 'test-extract.R:239:3',
'test-extract.R:280:3', 'test-extract.R:305:3', 'test-extract.R:328:3',
'test-extract.R:367:3', 'test-extract.R:415:3', 'test-extract.R:441:3',
'test-extract.R:467:3', 'test-extract.R:501:3', 'test-extract.R:543:3',
'test-extract.R:591:3', 'test-extract.R:615:3', 'test-extract.R:651:3',
'test-extract.R:738:3', 'test-extract.R:761:3', 'test-extract.R:795:3',
'test-extract.R:824:3', 'test-extract.R:859:3', 'test-extract.R:926:3',
'test-extract.R:979:3', 'test-extract.R:1001:3', 'test-extract.R:1030:3',
'test-extract.R:1054:3', 'test-extract.R:1086:3', 'test-extract.R:1178:3'
• {biglm} is not installed (1): 'test-plotreg.R:39:3'
══ Failed tests ════════════════════════════════════════════════════════════════
── Error ('test-huxtablereg.R:13:3'): huxtablereg gives useful error message if huxtable not installed ──
<lifecycle_error_deprecated/defunctError/rlang_error/error/condition>
Error: `with_mock()` was deprecated in testthat 3.2.0 and is now defunct.
ℹ Please use `with_mocked_bindings()` instead.
Backtrace:
▆
1. └─testthat::with_mock(...) at test-huxtablereg.R:13:3
2. └─lifecycle::deprecate_stop("3.2.0", "with_mock()", "with_mocked_bindings()")
3. └─lifecycle:::deprecate_stop0(msg)
4. └─rlang::cnd_signal(...)
── Error ('test-texreg.R:319:3'): knitreg function works ───────────────────────
<lifecycle_error_deprecated/defunctError/rlang_error/error/condition>
Error: `with_mock()` was deprecated in testthat 3.2.0 and is now defunct.
ℹ Please use `with_mocked_bindings()` instead.
Backtrace:
▆
1. └─testthat::with_mock(...) at test-texreg.R:319:3
2. └─lifecycle::deprecate_stop("3.2.0", "with_mock()", "with_mocked_bindings()")
3. └─lifecycle:::deprecate_stop0(msg)
4. └─rlang::cnd_signal(...)
[ FAIL 2 | WARN 1 | SKIP 33 | PASS 201 ]
Error:
! Test failures.
Execution halted
Flavor: r-devel-linux-x86_64-debian-gcc
Version: 1.39.4
Check: tests
Result: ERROR
Running ‘testthat.R’ [17s/43s]
Running the tests in ‘tests/testthat.R’ failed.
Complete output:
> library("testthat")
> library("texreg")
Version: 1.39.4
Date: 2024-07-23
Author: Philip Leifeld (University of Manchester)
Consider submitting praise using the praise or praise_interactive functions.
Please cite the JSS article in your publications -- see citation("texreg").
>
> test_check("texreg")
Saving _problems/test-huxtablereg-15.R
Saving _problems/test-texreg-323.R
[ FAIL 2 | WARN 1 | SKIP 33 | PASS 201 ]
══ Skipped tests (33) ══════════════════════════════════════════════════════════
• On CRAN (32): 'test-extract.R:6:3', 'test-extract.R:28:3',
'test-extract.R:67:3', 'test-extract.R:90:3', 'test-extract.R:162:3',
'test-extract.R:193:3', 'test-extract.R:214:3', 'test-extract.R:239:3',
'test-extract.R:280:3', 'test-extract.R:305:3', 'test-extract.R:328:3',
'test-extract.R:367:3', 'test-extract.R:415:3', 'test-extract.R:441:3',
'test-extract.R:467:3', 'test-extract.R:501:3', 'test-extract.R:543:3',
'test-extract.R:591:3', 'test-extract.R:615:3', 'test-extract.R:651:3',
'test-extract.R:738:3', 'test-extract.R:761:3', 'test-extract.R:795:3',
'test-extract.R:824:3', 'test-extract.R:859:3', 'test-extract.R:926:3',
'test-extract.R:979:3', 'test-extract.R:1001:3', 'test-extract.R:1030:3',
'test-extract.R:1054:3', 'test-extract.R:1086:3', 'test-extract.R:1178:3'
• {biglm} is not installed (1): 'test-plotreg.R:39:3'
══ Failed tests ════════════════════════════════════════════════════════════════
── Error ('test-huxtablereg.R:13:3'): huxtablereg gives useful error message if huxtable not installed ──
<lifecycle_error_deprecated/defunctError/rlang_error/error/condition>
Error: `with_mock()` was deprecated in testthat 3.2.0 and is now defunct.
ℹ Please use `with_mocked_bindings()` instead.
Backtrace:
▆
1. └─testthat::with_mock(...) at test-huxtablereg.R:13:3
2. └─lifecycle::deprecate_stop("3.2.0", "with_mock()", "with_mocked_bindings()")
3. └─lifecycle:::deprecate_stop0(msg)
4. └─rlang::cnd_signal(...)
── Error ('test-texreg.R:319:3'): knitreg function works ───────────────────────
<lifecycle_error_deprecated/defunctError/rlang_error/error/condition>
Error: `with_mock()` was deprecated in testthat 3.2.0 and is now defunct.
ℹ Please use `with_mocked_bindings()` instead.
Backtrace:
▆
1. └─testthat::with_mock(...) at test-texreg.R:319:3
2. └─lifecycle::deprecate_stop("3.2.0", "with_mock()", "with_mocked_bindings()")
3. └─lifecycle:::deprecate_stop0(msg)
4. └─rlang::cnd_signal(...)
[ FAIL 2 | WARN 1 | SKIP 33 | PASS 201 ]
Error:
! Test failures.
Execution halted
Flavor: r-devel-linux-x86_64-fedora-clang
Version: 1.39.4
Check: tests
Result: ERROR
Running ‘testthat.R’ [16s/22s]
Running the tests in ‘tests/testthat.R’ failed.
Complete output:
> library("testthat")
> library("texreg")
Version: 1.39.4
Date: 2024-07-23
Author: Philip Leifeld (University of Manchester)
Consider submitting praise using the praise or praise_interactive functions.
Please cite the JSS article in your publications -- see citation("texreg").
>
> test_check("texreg")
Saving _problems/test-huxtablereg-15.R
Saving _problems/test-texreg-323.R
[ FAIL 2 | WARN 1 | SKIP 32 | PASS 204 ]
══ Skipped tests (32) ══════════════════════════════════════════════════════════
• On CRAN (32): 'test-extract.R:6:3', 'test-extract.R:28:3',
'test-extract.R:67:3', 'test-extract.R:90:3', 'test-extract.R:162:3',
'test-extract.R:193:3', 'test-extract.R:214:3', 'test-extract.R:239:3',
'test-extract.R:280:3', 'test-extract.R:305:3', 'test-extract.R:328:3',
'test-extract.R:367:3', 'test-extract.R:415:3', 'test-extract.R:441:3',
'test-extract.R:467:3', 'test-extract.R:501:3', 'test-extract.R:543:3',
'test-extract.R:591:3', 'test-extract.R:615:3', 'test-extract.R:651:3',
'test-extract.R:738:3', 'test-extract.R:761:3', 'test-extract.R:795:3',
'test-extract.R:824:3', 'test-extract.R:859:3', 'test-extract.R:926:3',
'test-extract.R:979:3', 'test-extract.R:1001:3', 'test-extract.R:1030:3',
'test-extract.R:1054:3', 'test-extract.R:1086:3', 'test-extract.R:1178:3'
══ Failed tests ════════════════════════════════════════════════════════════════
── Error ('test-huxtablereg.R:13:3'): huxtablereg gives useful error message if huxtable not installed ──
<lifecycle_error_deprecated/defunctError/rlang_error/error/condition>
Error: `with_mock()` was deprecated in testthat 3.2.0 and is now defunct.
ℹ Please use `with_mocked_bindings()` instead.
Backtrace:
▆
1. └─testthat::with_mock(...) at test-huxtablereg.R:13:3
2. └─lifecycle::deprecate_stop("3.2.0", "with_mock()", "with_mocked_bindings()")
3. └─lifecycle:::deprecate_stop0(msg)
4. └─rlang::cnd_signal(...)
── Error ('test-texreg.R:319:3'): knitreg function works ───────────────────────
<lifecycle_error_deprecated/defunctError/rlang_error/error/condition>
Error: `with_mock()` was deprecated in testthat 3.2.0 and is now defunct.
ℹ Please use `with_mocked_bindings()` instead.
Backtrace:
▆
1. └─testthat::with_mock(...) at test-texreg.R:319:3
2. └─lifecycle::deprecate_stop("3.2.0", "with_mock()", "with_mocked_bindings()")
3. └─lifecycle:::deprecate_stop0(msg)
4. └─rlang::cnd_signal(...)
[ FAIL 2 | WARN 1 | SKIP 32 | PASS 204 ]
Error:
! Test failures.
Execution halted
Flavor: r-devel-linux-x86_64-fedora-gcc
Version: 1.39.4
Check: tests
Result: ERROR
Running ‘testthat.R’ [10s/15s]
Running the tests in ‘tests/testthat.R’ failed.
Complete output:
> library("testthat")
> library("texreg")
Version: 1.39.4
Date: 2024-07-23
Author: Philip Leifeld (University of Manchester)
Consider submitting praise using the praise or praise_interactive functions.
Please cite the JSS article in your publications -- see citation("texreg").
>
> test_check("texreg")
Saving _problems/test-huxtablereg-15.R
Saving _problems/test-texreg-323.R
[ FAIL 2 | WARN 1 | SKIP 33 | PASS 201 ]
══ Skipped tests (33) ══════════════════════════════════════════════════════════
• On CRAN (32): 'test-extract.R:6:3', 'test-extract.R:28:3',
'test-extract.R:67:3', 'test-extract.R:90:3', 'test-extract.R:162:3',
'test-extract.R:193:3', 'test-extract.R:214:3', 'test-extract.R:239:3',
'test-extract.R:280:3', 'test-extract.R:305:3', 'test-extract.R:328:3',
'test-extract.R:367:3', 'test-extract.R:415:3', 'test-extract.R:441:3',
'test-extract.R:467:3', 'test-extract.R:501:3', 'test-extract.R:543:3',
'test-extract.R:591:3', 'test-extract.R:615:3', 'test-extract.R:651:3',
'test-extract.R:738:3', 'test-extract.R:761:3', 'test-extract.R:795:3',
'test-extract.R:824:3', 'test-extract.R:859:3', 'test-extract.R:926:3',
'test-extract.R:979:3', 'test-extract.R:1001:3', 'test-extract.R:1030:3',
'test-extract.R:1054:3', 'test-extract.R:1086:3', 'test-extract.R:1178:3'
• {biglm} is not installed (1): 'test-plotreg.R:39:3'
══ Failed tests ════════════════════════════════════════════════════════════════
── Error ('test-huxtablereg.R:13:3'): huxtablereg gives useful error message if huxtable not installed ──
<lifecycle_error_deprecated/defunctError/rlang_error/error/condition>
Error: `with_mock()` was deprecated in testthat 3.2.0 and is now defunct.
ℹ Please use `with_mocked_bindings()` instead.
Backtrace:
▆
1. └─testthat::with_mock(...) at test-huxtablereg.R:13:3
2. └─lifecycle::deprecate_stop("3.2.0", "with_mock()", "with_mocked_bindings()")
3. └─lifecycle:::deprecate_stop0(msg)
4. └─rlang::cnd_signal(...)
── Error ('test-texreg.R:319:3'): knitreg function works ───────────────────────
<lifecycle_error_deprecated/defunctError/rlang_error/error/condition>
Error: `with_mock()` was deprecated in testthat 3.2.0 and is now defunct.
ℹ Please use `with_mocked_bindings()` instead.
Backtrace:
▆
1. └─testthat::with_mock(...) at test-texreg.R:319:3
2. └─lifecycle::deprecate_stop("3.2.0", "with_mock()", "with_mocked_bindings()")
3. └─lifecycle:::deprecate_stop0(msg)
4. └─rlang::cnd_signal(...)
[ FAIL 2 | WARN 1 | SKIP 33 | PASS 201 ]
Error:
! Test failures.
Execution halted
Flavor: r-patched-linux-x86_64
Version: 1.39.4
Check: tests
Result: ERROR
Running ‘testthat.R’ [10s/11s]
Running the tests in ‘tests/testthat.R’ failed.
Complete output:
> library("testthat")
> library("texreg")
Version: 1.39.4
Date: 2024-07-23
Author: Philip Leifeld (University of Manchester)
Consider submitting praise using the praise or praise_interactive functions.
Please cite the JSS article in your publications -- see citation("texreg").
>
> test_check("texreg")
Saving _problems/test-huxtablereg-15.R
Saving _problems/test-texreg-323.R
[ FAIL 2 | WARN 1 | SKIP 33 | PASS 201 ]
══ Skipped tests (33) ══════════════════════════════════════════════════════════
• On CRAN (32): 'test-extract.R:6:3', 'test-extract.R:28:3',
'test-extract.R:67:3', 'test-extract.R:90:3', 'test-extract.R:162:3',
'test-extract.R:193:3', 'test-extract.R:214:3', 'test-extract.R:239:3',
'test-extract.R:280:3', 'test-extract.R:305:3', 'test-extract.R:328:3',
'test-extract.R:367:3', 'test-extract.R:415:3', 'test-extract.R:441:3',
'test-extract.R:467:3', 'test-extract.R:501:3', 'test-extract.R:543:3',
'test-extract.R:591:3', 'test-extract.R:615:3', 'test-extract.R:651:3',
'test-extract.R:738:3', 'test-extract.R:761:3', 'test-extract.R:795:3',
'test-extract.R:824:3', 'test-extract.R:859:3', 'test-extract.R:926:3',
'test-extract.R:979:3', 'test-extract.R:1001:3', 'test-extract.R:1030:3',
'test-extract.R:1054:3', 'test-extract.R:1086:3', 'test-extract.R:1178:3'
• {biglm} is not installed (1): 'test-plotreg.R:39:3'
══ Failed tests ════════════════════════════════════════════════════════════════
── Error ('test-huxtablereg.R:13:3'): huxtablereg gives useful error message if huxtable not installed ──
<lifecycle_error_deprecated/defunctError/rlang_error/error/condition>
Error: `with_mock()` was deprecated in testthat 3.2.0 and is now defunct.
ℹ Please use `with_mocked_bindings()` instead.
Backtrace:
▆
1. └─testthat::with_mock(...) at test-huxtablereg.R:13:3
2. └─lifecycle::deprecate_stop("3.2.0", "with_mock()", "with_mocked_bindings()")
3. └─lifecycle:::deprecate_stop0(msg)
4. └─rlang::cnd_signal(...)
── Error ('test-texreg.R:319:3'): knitreg function works ───────────────────────
<lifecycle_error_deprecated/defunctError/rlang_error/error/condition>
Error: `with_mock()` was deprecated in testthat 3.2.0 and is now defunct.
ℹ Please use `with_mocked_bindings()` instead.
Backtrace:
▆
1. └─testthat::with_mock(...) at test-texreg.R:319:3
2. └─lifecycle::deprecate_stop("3.2.0", "with_mock()", "with_mocked_bindings()")
3. └─lifecycle:::deprecate_stop0(msg)
4. └─rlang::cnd_signal(...)
[ FAIL 2 | WARN 1 | SKIP 33 | PASS 201 ]
Error:
! Test failures.
Execution halted
Flavor: r-release-linux-x86_64
Version: 1.39.4
Check: tests
Result: ERROR
Running 'testthat.R' [10s]
Running the tests in 'tests/testthat.R' failed.
Complete output:
> library("testthat")
> library("texreg")
Version: 1.39.4
Date: 2024-07-23
Author: Philip Leifeld (University of Manchester)
Consider submitting praise using the praise or praise_interactive functions.
Please cite the JSS article in your publications -- see citation("texreg").
>
> test_check("texreg")
Saving _problems/test-huxtablereg-15.R
Saving _problems/test-texreg-323.R
[ FAIL 2 | WARN 1 | SKIP 33 | PASS 201 ]
══ Skipped tests (33) ══════════════════════════════════════════════════════════
• On CRAN (32): 'test-extract.R:6:3', 'test-extract.R:28:3',
'test-extract.R:67:3', 'test-extract.R:90:3', 'test-extract.R:162:3',
'test-extract.R:193:3', 'test-extract.R:214:3', 'test-extract.R:239:3',
'test-extract.R:280:3', 'test-extract.R:305:3', 'test-extract.R:328:3',
'test-extract.R:367:3', 'test-extract.R:415:3', 'test-extract.R:441:3',
'test-extract.R:467:3', 'test-extract.R:501:3', 'test-extract.R:543:3',
'test-extract.R:591:3', 'test-extract.R:615:3', 'test-extract.R:651:3',
'test-extract.R:738:3', 'test-extract.R:761:3', 'test-extract.R:795:3',
'test-extract.R:824:3', 'test-extract.R:859:3', 'test-extract.R:926:3',
'test-extract.R:979:3', 'test-extract.R:1001:3', 'test-extract.R:1030:3',
'test-extract.R:1054:3', 'test-extract.R:1086:3', 'test-extract.R:1178:3'
• {biglm} is not installed (1): 'test-plotreg.R:39:3'
══ Failed tests ════════════════════════════════════════════════════════════════
── Error ('test-huxtablereg.R:13:3'): huxtablereg gives useful error message if huxtable not installed ──
<lifecycle_error_deprecated/defunctError/rlang_error/error/condition>
Error: `with_mock()` was deprecated in testthat 3.2.0 and is now defunct.
ℹ Please use `with_mocked_bindings()` instead.
Backtrace:
▆
1. └─testthat::with_mock(...) at test-huxtablereg.R:13:3
2. └─lifecycle::deprecate_stop("3.2.0", "with_mock()", "with_mocked_bindings()")
3. └─lifecycle:::deprecate_stop0(msg)
4. └─rlang::cnd_signal(...)
── Error ('test-texreg.R:319:3'): knitreg function works ───────────────────────
<lifecycle_error_deprecated/defunctError/rlang_error/error/condition>
Error: `with_mock()` was deprecated in testthat 3.2.0 and is now defunct.
ℹ Please use `with_mocked_bindings()` instead.
Backtrace:
▆
1. └─testthat::with_mock(...) at test-texreg.R:319:3
2. └─lifecycle::deprecate_stop("3.2.0", "with_mock()", "with_mocked_bindings()")
3. └─lifecycle:::deprecate_stop0(msg)
4. └─rlang::cnd_signal(...)
[ FAIL 2 | WARN 1 | SKIP 33 | PASS 201 ]
Error:
! Test failures.
Execution halted
Flavor: r-release-windows-x86_64
Version: 1.39.4
Check: package dependencies
Result: NOTE
Package which this enhances but not available for checking: 'metaSEM'
Flavor: r-oldrel-windows-x86_64
Version: 1.39.4
Check: tests
Result: ERROR
Running 'testthat.R' [13s]
Running the tests in 'tests/testthat.R' failed.
Complete output:
> library("testthat")
> library("texreg")
Version: 1.39.4
Date: 2024-07-23
Author: Philip Leifeld (University of Manchester)
Consider submitting praise using the praise or praise_interactive functions.
Please cite the JSS article in your publications -- see citation("texreg").
>
> test_check("texreg")
Saving _problems/test-huxtablereg-15.R
Saving _problems/test-texreg-323.R
[ FAIL 2 | WARN 1 | SKIP 33 | PASS 201 ]
══ Skipped tests (33) ══════════════════════════════════════════════════════════
• On CRAN (32): 'test-extract.R:6:3', 'test-extract.R:28:3',
'test-extract.R:67:3', 'test-extract.R:90:3', 'test-extract.R:162:3',
'test-extract.R:193:3', 'test-extract.R:214:3', 'test-extract.R:239:3',
'test-extract.R:280:3', 'test-extract.R:305:3', 'test-extract.R:328:3',
'test-extract.R:367:3', 'test-extract.R:415:3', 'test-extract.R:441:3',
'test-extract.R:467:3', 'test-extract.R:501:3', 'test-extract.R:543:3',
'test-extract.R:591:3', 'test-extract.R:615:3', 'test-extract.R:651:3',
'test-extract.R:738:3', 'test-extract.R:761:3', 'test-extract.R:795:3',
'test-extract.R:824:3', 'test-extract.R:859:3', 'test-extract.R:926:3',
'test-extract.R:979:3', 'test-extract.R:1001:3', 'test-extract.R:1030:3',
'test-extract.R:1054:3', 'test-extract.R:1086:3', 'test-extract.R:1178:3'
• {biglm} is not installed (1): 'test-plotreg.R:39:3'
══ Failed tests ════════════════════════════════════════════════════════════════
── Error ('test-huxtablereg.R:13:3'): huxtablereg gives useful error message if huxtable not installed ──
<lifecycle_error_deprecated/defunctError/rlang_error/error/condition>
Error: `with_mock()` was deprecated in testthat 3.2.0 and is now defunct.
ℹ Please use `with_mocked_bindings()` instead.
Backtrace:
▆
1. └─testthat::with_mock(...) at test-huxtablereg.R:13:3
2. └─lifecycle::deprecate_stop("3.2.0", "with_mock()", "with_mocked_bindings()")
3. └─lifecycle:::deprecate_stop0(msg)
4. └─rlang::cnd_signal(...)
── Error ('test-texreg.R:319:3'): knitreg function works ───────────────────────
<lifecycle_error_deprecated/defunctError/rlang_error/error/condition>
Error: `with_mock()` was deprecated in testthat 3.2.0 and is now defunct.
ℹ Please use `with_mocked_bindings()` instead.
Backtrace:
▆
1. └─testthat::with_mock(...) at test-texreg.R:319:3
2. └─lifecycle::deprecate_stop("3.2.0", "with_mock()", "with_mocked_bindings()")
3. └─lifecycle:::deprecate_stop0(msg)
4. └─rlang::cnd_signal(...)
[ FAIL 2 | WARN 1 | SKIP 33 | PASS 201 ]
Error:
! Test failures.
Execution halted
Flavor: r-oldrel-windows-x86_64
These binaries (installable software) and packages are in development.
They may not be fully stable and should be used with caution. We make no claims about them.