Last updated on 2025-10-23 11:50:30 CEST.
Flavor | Version | Tinstall | Tcheck | Ttotal | Status | Flags |
---|---|---|---|---|---|---|
r-devel-linux-x86_64-debian-clang | 1.7.0 | 25.28 | 213.22 | 238.50 | NOTE | |
r-devel-linux-x86_64-debian-gcc | 1.7.0 | 18.10 | 148.69 | 166.79 | NOTE | |
r-devel-linux-x86_64-fedora-clang | 1.7.0 | 127.00 | 250.71 | 377.71 | NOTE | |
r-devel-linux-x86_64-fedora-gcc | 1.7.0 | 116.00 | 262.84 | 378.84 | NOTE | |
r-devel-windows-x86_64 | 1.7.0 | 27.00 | 212.00 | 239.00 | OK | |
r-patched-linux-x86_64 | 1.7.0 | 24.53 | 199.82 | 224.35 | OK | |
r-release-linux-x86_64 | 1.7.0 | 22.87 | 198.47 | 221.34 | OK | |
r-release-macos-arm64 | 1.7.0 | 10.00 | 85.00 | 95.00 | OK | |
r-release-macos-x86_64 | 1.7.0 | 22.00 | 125.00 | 147.00 | OK | |
r-release-windows-x86_64 | 1.7.0 | 27.00 | 214.00 | 241.00 | OK | |
r-oldrel-macos-arm64 | 1.7.0 | 10.00 | 93.00 | 103.00 | OK | |
r-oldrel-macos-x86_64 | 1.7.0 | 14.00 | 125.00 | 139.00 | OK | |
r-oldrel-windows-x86_64 | 1.7.0 | 38.00 | 276.00 | 314.00 | OK |
Version: 1.7.0
Check: HTML version of manual
Result: NOTE
Found the following HTML validation problems:
textrpp_initialize.html:97:1 (textrpp_initialize.Rd:45): Warning: missing </ul> before </div>
textrpp_uninstall.html:55:1 (textrpp_uninstall.Rd:15): Warning: missing </ul> before </div>
Flavor: r-devel-linux-x86_64-debian-clang
Version: 1.7.0
Check: Rd files
Result: NOTE
checkRd: (-1) textTrainNPlot.Rd:93: height/width attributes should be in pixels
Flavors: r-devel-linux-x86_64-debian-gcc, r-devel-linux-x86_64-fedora-clang, r-devel-linux-x86_64-fedora-gcc
These binaries (installable software) and packages are in development.
They may not be fully stable and should be used with caution. We make no claims about them.