CRAN Package Check Results for Package text2emotion

Last updated on 2025-05-21 23:48:58 CEST.

Flavor Version Tinstall Tcheck Ttotal Status Flags
r-devel-linux-x86_64-debian-clang 0.1.0 16.47 142.19 158.66 OK
r-devel-linux-x86_64-debian-gcc 0.1.0 13.02 105.31 118.33 OK
r-devel-linux-x86_64-fedora-clang 0.1.0 250.23 NOTE
r-devel-linux-x86_64-fedora-gcc 0.1.0 249.35 NOTE
r-devel-windows-x86_64 0.1.0 17.00 147.00 164.00 OK
r-patched-linux-x86_64 0.1.0 14.91 134.94 149.85 OK
r-release-linux-x86_64 0.1.0 14.01 136.19 150.20 OK
r-release-macos-arm64 0.1.0 59.00 OK
r-release-macos-x86_64 0.1.0 99.00 OK
r-release-windows-x86_64 0.1.0 17.00 148.00 165.00 OK
r-oldrel-macos-arm64 0.1.0 74.00 OK
r-oldrel-macos-x86_64 0.1.0 127.00 OK

Check Details

Version: 0.1.0
Check: dependencies in R code
Result: NOTE Namespace in Imports field not imported from: ‘Matrix’ All declared Imports should be used. Flavors: r-devel-linux-x86_64-fedora-clang, r-devel-linux-x86_64-fedora-gcc

These binaries (installable software) and packages are in development.
They may not be fully stable and should be used with caution. We make no claims about them.