Last updated on 2025-05-01 08:52:48 CEST.
Flavor | Version | Tinstall | Tcheck | Ttotal | Status | Flags |
---|---|---|---|---|---|---|
r-devel-linux-x86_64-debian-clang | 0.2.0 | 17.88 | 154.73 | 172.61 | NOTE | |
r-devel-linux-x86_64-debian-gcc | 0.2.0 | 14.13 | 110.46 | 124.59 | NOTE | |
r-devel-linux-x86_64-fedora-clang | 0.2.0 | 254.84 | NOTE | |||
r-devel-linux-x86_64-fedora-gcc | 0.2.0 | 235.10 | NOTE | |||
r-devel-windows-x86_64 | 0.2.0 | 18.00 | 155.00 | 173.00 | NOTE | |
r-patched-linux-x86_64 | 0.2.0 | 17.43 | 142.84 | 160.27 | NOTE | |
r-release-linux-x86_64 | NOTE | |||||
r-release-macos-arm64 | 0.2.0 | 65.00 | NOTE | |||
r-release-macos-x86_64 | 0.2.0 | 143.00 | NOTE | |||
r-release-windows-x86_64 | 0.2.0 | 18.00 | 160.00 | 178.00 | NOTE | |
r-oldrel-macos-arm64 | 0.2.0 | 65.00 | OK | |||
r-oldrel-macos-x86_64 | 0.2.0 | 101.00 | OK | |||
r-oldrel-windows-x86_64 | 0.2.0 | 25.00 | 187.00 | 212.00 | OK |
Version: 0.2.0
Check: DESCRIPTION meta-information
Result: NOTE
Missing dependency on R >= 4.1.0 because package code uses the pipe
|> or function shorthand \(...) syntax added in R 4.1.0.
File(s) using such syntax:
‘dtm_builder.Rd’ ‘dtm_stopper.Rd’ ‘rancor_builder.Rd’
‘rancors_builder.Rd’ ‘utils-perm.R’
Flavors: r-devel-linux-x86_64-debian-clang, r-devel-linux-x86_64-debian-gcc, r-devel-linux-x86_64-fedora-clang, r-devel-linux-x86_64-fedora-gcc, r-devel-windows-x86_64, r-patched-linux-x86_64, r-release-linux-x86_64, r-release-macos-arm64, r-release-windows-x86_64
Version: 0.2.0
Check: DESCRIPTION meta-information
Result: NOTE
Missing dependency on R >= 4.1.0 because package code uses the pipe
|> or function shorthand \(...) syntax added in R 4.1.0.
File(s) using such syntax:
‘utils-perm.R’
Flavor: r-release-macos-x86_64
These binaries (installable software) and packages are in development.
They may not be fully stable and should be used with caution. We make no claims about them.