Last updated on 2024-07-27 15:50:35 CEST.
Flavor | Version | Tinstall | Tcheck | Ttotal | Status | Flags |
---|---|---|---|---|---|---|
r-devel-linux-x86_64-debian-clang | 1.1.1 | 11.62 | 339.04 | 350.66 | OK | |
r-devel-linux-x86_64-debian-gcc | 1.1.1 | NOTE | ||||
r-devel-linux-x86_64-fedora-clang | 1.1.1 | 495.82 | NOTE | |||
r-devel-linux-x86_64-fedora-gcc | 1.1.1 | 454.10 | NOTE | |||
r-devel-windows-x86_64 | 1.1.1 | 11.00 | 221.00 | 232.00 | NOTE | |
r-patched-linux-x86_64 | 1.1.1 | OK | ||||
r-release-linux-x86_64 | 1.1.1 | 6.29 | 375.95 | 382.24 | OK | |
r-release-macos-arm64 | 1.1.1 | 124.00 | OK | |||
r-release-macos-x86_64 | 1.1.1 | 222.00 | OK | |||
r-release-windows-x86_64 | 1.1.1 | 11.00 | 223.00 | 234.00 | OK | |
r-oldrel-macos-arm64 | 1.1.1 | 129.00 | OK | |||
r-oldrel-macos-x86_64 | 1.1.1 | 247.00 | OK | |||
r-oldrel-windows-x86_64 | 1.1.1 | 14.00 | 288.00 | 302.00 | OK |
Version: 1.1.1
Check: Rd cross-references
Result: NOTE
Found the following Rd file(s) with Rd \link{} targets missing package
anchors:
plot_sdg.Rd: color
Please provide package anchors for all Rd \link{} targets not in the
package itself and the base packages.
Flavors: r-devel-linux-x86_64-debian-gcc, r-devel-windows-x86_64
Version: 1.1.1
Check: data for non-ASCII characters
Result: NOTE
Note: found 37 marked UTF-8 strings
Flavors: r-devel-linux-x86_64-fedora-clang, r-devel-linux-x86_64-fedora-gcc
These binaries (installable software) and packages are in development.
They may not be fully stable and should be used with caution. We make no claims about them.