CRAN Package Check Results for Package text2speech

Last updated on 2025-05-23 05:52:41 CEST.

Flavor Version Tinstall Tcheck Ttotal Status Flags
r-devel-linux-x86_64-debian-clang 1.0.0 4.87 48.40 53.27 NOTE
r-devel-linux-x86_64-debian-gcc 1.0.0 3.15 36.84 39.99 NOTE
r-devel-linux-x86_64-fedora-clang 1.0.0 84.31 OK
r-devel-linux-x86_64-fedora-gcc 1.0.0 91.67 OK
r-devel-windows-x86_64 1.0.0 8.00 119.00 127.00 NOTE
r-patched-linux-x86_64 1.0.0 5.03 44.56 49.59 NOTE
r-release-linux-x86_64 1.0.0 4.72 44.02 48.74 NOTE
r-release-macos-arm64 1.0.0 36.00 OK
r-release-macos-x86_64 1.0.0 65.00 OK
r-release-windows-x86_64 1.0.0 7.00 98.00 105.00 NOTE
r-oldrel-macos-arm64 1.0.0 38.00 OK
r-oldrel-macos-x86_64 1.0.0 56.00 OK
r-oldrel-windows-x86_64 1.0.0 9.00 78.00 87.00 OK

Check Details

Version: 1.0.0
Check: Rd cross-references
Result: NOTE Found the following Rd file(s) with Rd \link{} targets missing package anchors: tts_speak_engine.Rd: knit_engines Please provide package anchors for all Rd \link{} targets not in the package itself and the base packages. Flavors: r-devel-linux-x86_64-debian-clang, r-devel-linux-x86_64-debian-gcc, r-devel-windows-x86_64, r-patched-linux-x86_64, r-release-linux-x86_64, r-release-windows-x86_64

These binaries (installable software) and packages are in development.
They may not be fully stable and should be used with caution. We make no claims about them.