Last updated on 2025-02-19 17:51:06 CET.
Flavor | Version | Tinstall | Tcheck | Ttotal | Status | Flags |
---|---|---|---|---|---|---|
r-devel-linux-x86_64-debian-clang | 0.6.4 | 58.12 | 161.04 | 219.16 | NOTE | |
r-devel-linux-x86_64-debian-gcc | 0.6.4 | 41.19 | 97.75 | 138.94 | NOTE | |
r-devel-linux-x86_64-fedora-clang | 0.6.4 | 385.26 | OK | |||
r-devel-linux-x86_64-fedora-gcc | 0.6.4 | 432.22 | OK | |||
r-devel-macos-arm64 | 0.6.4 | 121.00 | OK | |||
r-devel-macos-x86_64 | 0.6.4 | 223.00 | OK | |||
r-devel-windows-x86_64 | 0.6.4 | 63.00 | 168.00 | 231.00 | NOTE | |
r-patched-linux-x86_64 | 0.6.4 | 64.46 | 152.98 | 217.44 | OK | |
r-release-linux-x86_64 | 0.6.4 | 58.50 | 151.45 | 209.95 | OK | |
r-release-macos-arm64 | 0.6.4 | 107.00 | NOTE | |||
r-release-macos-x86_64 | 0.6.4 | 162.00 | NOTE | |||
r-release-windows-x86_64 | 0.6.4 | 62.00 | 174.00 | 236.00 | OK | |
r-oldrel-macos-arm64 | 0.6.4 | 121.00 | NOTE | |||
r-oldrel-macos-x86_64 | 0.6.4 | 218.00 | NOTE | |||
r-oldrel-windows-x86_64 | 0.6.4 | 78.00 | 263.00 | 341.00 | OK |
Version: 0.6.4
Check: Rd cross-references
Result: NOTE
Found the following Rd file(s) with Rd \link{} targets missing package
anchors:
BNS.Rd: R6Class
Collocations.Rd: R6Class
LatentDirichletAllocation.Rd: R6Class
LatentSemanticAnalysis.Rd: R6Class
RelaxedWordMoversDistance.Rd: R6Class
TfIdf.Rd: R6Class
Please provide package anchors for all Rd \link{} targets not in the
package itself and the base packages.
Flavors: r-devel-linux-x86_64-debian-clang, r-devel-linux-x86_64-debian-gcc, r-devel-windows-x86_64
Version: 0.6.4
Check: installed package size
Result: NOTE
installed size is 7.6Mb
sub-directories of 1Mb or more:
data 2.7Mb
libs 4.0Mb
Flavors: r-release-macos-arm64, r-release-macos-x86_64, r-oldrel-macos-arm64, r-oldrel-macos-x86_64
These binaries (installable software) and packages are in development.
They may not be fully stable and should be used with caution. We make no claims about them.