Last updated on 2025-02-16 08:51:03 CET.
Flavor | Version | Tinstall | Tcheck | Ttotal | Status | Flags |
---|---|---|---|---|---|---|
r-devel-linux-x86_64-debian-clang | 1.1.8 | 89.21 | 131.43 | 220.64 | OK | |
r-devel-linux-x86_64-debian-gcc | 1.1.8 | 72.80 | 114.53 | 187.33 | OK | |
r-devel-linux-x86_64-fedora-clang | 1.1.8 | 390.75 | OK | |||
r-devel-linux-x86_64-fedora-gcc | 1.1.8 | 437.93 | OK | |||
r-devel-macos-arm64 | 1.1.8 | 111.00 | OK | |||
r-devel-macos-x86_64 | 1.1.8 | 200.00 | OK | |||
r-devel-windows-x86_64 | 1.1.8 | 94.00 | 164.00 | 258.00 | OK | |
r-patched-linux-x86_64 | 1.1.8 | 96.37 | 129.21 | 225.58 | OK | |
r-release-linux-x86_64 | 1.1.8 | 99.41 | 127.31 | 226.72 | OK | |
r-release-macos-arm64 | 1.1.8 | 101.00 | NOTE | |||
r-release-macos-x86_64 | 1.1.8 | 142.00 | NOTE | |||
r-release-windows-x86_64 | 1.1.8 | 98.00 | 154.00 | 252.00 | OK | |
r-oldrel-macos-arm64 | 1.1.8 | 123.00 | NOTE | |||
r-oldrel-macos-x86_64 | 1.1.8 | 225.00 | NOTE | |||
r-oldrel-windows-x86_64 | 1.1.8 | 120.00 | 206.00 | 326.00 | OK |
Version: 1.1.8
Check: installed package size
Result: NOTE
installed size is 15.3Mb
sub-directories of 1Mb or more:
libs 13.8Mb
Flavors: r-release-macos-arm64, r-release-macos-x86_64, r-oldrel-macos-arm64, r-oldrel-macos-x86_64
These binaries (installable software) and packages are in development.
They may not be fully stable and should be used with caution. We make no claims about them.