Last updated on 2025-05-01 08:52:48 CEST.
Flavor | Version | Tinstall | Tcheck | Ttotal | Status | Flags |
---|---|---|---|---|---|---|
r-devel-linux-x86_64-debian-clang | 1.1.8 | 96.06 | 136.60 | 232.66 | OK | |
r-devel-linux-x86_64-debian-gcc | 1.1.8 | 71.63 | 119.87 | 191.50 | OK | |
r-devel-linux-x86_64-fedora-clang | 1.1.8 | 420.72 | OK | |||
r-devel-linux-x86_64-fedora-gcc | 1.1.8 | 421.58 | OK | |||
r-devel-windows-x86_64 | 1.1.8 | 105.00 | 160.00 | 265.00 | OK | |
r-patched-linux-x86_64 | 1.1.8 | 100.40 | 131.19 | 231.59 | OK | |
r-release-linux-x86_64 | OK | |||||
r-release-macos-arm64 | 1.1.8 | 127.00 | OK | |||
r-release-macos-x86_64 | 1.1.8 | 207.00 | OK | |||
r-release-windows-x86_64 | 1.1.8 | 106.00 | 169.00 | 275.00 | OK | |
r-oldrel-macos-arm64 | 1.1.8 | 101.00 | NOTE | |||
r-oldrel-macos-x86_64 | 1.1.8 | 142.00 | NOTE | |||
r-oldrel-windows-x86_64 | 1.1.8 | 117.00 | 206.00 | 323.00 | OK |
Version: 1.1.8
Check: installed package size
Result: NOTE
installed size is 15.3Mb
sub-directories of 1Mb or more:
libs 13.8Mb
Flavors: r-oldrel-macos-arm64, r-oldrel-macos-x86_64
These binaries (installable software) and packages are in development.
They may not be fully stable and should be used with caution. We make no claims about them.