Last updated on 2024-07-27 15:50:35 CEST.
Flavor | Version | Tinstall | Tcheck | Ttotal | Status | Flags |
---|---|---|---|---|---|---|
r-devel-linux-x86_64-debian-clang | 1.1.8 | 127.11 | 158.13 | 285.24 | OK | |
r-devel-linux-x86_64-debian-gcc | 1.1.8 | OK | ||||
r-devel-linux-x86_64-fedora-clang | 1.1.8 | 417.05 | OK | |||
r-devel-linux-x86_64-fedora-gcc | 1.1.8 | 436.24 | OK | |||
r-devel-windows-x86_64 | 1.1.8 | 101.00 | 156.00 | 257.00 | OK | |
r-patched-linux-x86_64 | 1.1.8 | OK | ||||
r-release-linux-x86_64 | 1.1.8 | 115.96 | 155.40 | 271.36 | OK | |
r-release-macos-arm64 | 1.1.8 | 101.00 | NOTE | |||
r-release-macos-x86_64 | 1.1.8 | 142.00 | NOTE | |||
r-release-windows-x86_64 | 1.1.8 | 109.00 | 157.00 | 266.00 | OK | |
r-oldrel-macos-arm64 | 1.1.8 | 123.00 | NOTE | |||
r-oldrel-macos-x86_64 | 1.1.8 | 225.00 | NOTE | |||
r-oldrel-windows-x86_64 | 1.1.8 | 115.00 | 188.00 | 303.00 | OK |
Version: 1.1.8
Check: installed package size
Result: NOTE
installed size is 15.3Mb
sub-directories of 1Mb or more:
libs 13.8Mb
Flavors: r-release-macos-arm64, r-release-macos-x86_64, r-oldrel-macos-arm64, r-oldrel-macos-x86_64
These binaries (installable software) and packages are in development.
They may not be fully stable and should be used with caution. We make no claims about them.