Last updated on 2025-02-16 08:51:03 CET.
Flavor | Version | Tinstall | Tcheck | Ttotal | Status | Flags |
---|---|---|---|---|---|---|
r-devel-linux-x86_64-debian-clang | 0.1.4 | 4.88 | 16.07 | 20.95 | OK | |
r-devel-linux-x86_64-debian-gcc | 0.1.4 | 3.46 | 13.03 | 16.49 | OK | |
r-devel-linux-x86_64-fedora-clang | 0.1.4 | 33.30 | OK | |||
r-devel-linux-x86_64-fedora-gcc | 0.1.4 | 33.48 | OK | |||
r-devel-macos-arm64 | 0.1.4 | 17.00 | OK | |||
r-devel-macos-x86_64 | 0.1.4 | 28.00 | OK | |||
r-devel-windows-x86_64 | 0.1.4 | 5.00 | 42.00 | 47.00 | OK | |
r-patched-linux-x86_64 | 0.1.4 | 4.71 | 15.43 | 20.14 | OK | |
r-release-linux-x86_64 | 0.1.4 | 4.21 | 16.50 | 20.71 | OK | |
r-release-macos-arm64 | 0.1.4 | 17.00 | NOTE | |||
r-release-macos-x86_64 | 0.1.4 | 22.00 | NOTE | |||
r-release-windows-x86_64 | 0.1.4 | 5.00 | 36.00 | 41.00 | NOTE | |
r-oldrel-macos-arm64 | 0.1.4 | 21.00 | NOTE | |||
r-oldrel-macos-x86_64 | 0.1.4 | 24.00 | NOTE | |||
r-oldrel-windows-x86_64 | 0.1.4 | 5.00 | 35.00 | 40.00 | NOTE |
Version: 0.1.4
Check: installed package size
Result: NOTE
installed size is 6.2Mb
sub-directories of 1Mb or more:
data 6.1Mb
Flavors: r-release-macos-arm64, r-release-macos-x86_64, r-release-windows-x86_64, r-oldrel-macos-arm64, r-oldrel-macos-x86_64, r-oldrel-windows-x86_64
These binaries (installable software) and packages are in development.
They may not be fully stable and should be used with caution. We make no claims about them.